{"id":9651,"date":"2023-05-30T13:15:17","date_gmt":"2023-05-30T11:15:17","guid":{"rendered":"https:\/\/antiquewhite-gerbil-448984.hostingersite.com\/?post_type=product&#038;p=9651"},"modified":"2024-05-30T22:40:46","modified_gmt":"2024-05-30T20:40:46","slug":"cuisiniere-a-granules-ventilee-encastrable-evacalor-nina-7-5-kw","status":"publish","type":"product","link":"https:\/\/troncybois.com\/?product=cuisiniere-a-granules-ventilee-encastrable-evacalor-nina-7-5-kw","title":{"rendered":"Cuisini\u00e8re \u00e0 granules ventil\u00e9e encastrable &#8211; EVACALOR Nina 7.5 kW"},"content":{"rendered":"<div class=\"fiche-produit\">\n<p><strong>La cuisini\u00e8re \u00e0 granul\u00e9s ventil\u00e9e encastrable Nina<\/strong> de la marque <strong>EVA CALOR<\/strong> poss\u00e8de une puissance nominale de 6.5 kW.<\/p>\n<p>\u00c9conomique, elle est dot\u00e9e d&rsquo;une ventilation frontale que vous pourrez d\u00e9sactiver \u00e0 votre guise. Sa trappe pour le chargement des granul\u00e9s est extr\u00eamement pratique pour une utilisation au quotidien. Sa grande plaque de cuisson sup\u00e9rieure est disponible en acier ou en vitroc\u00e9ramique.<\/p>\n<h2>Informations cl\u00e9s sur la Cuisini\u00e8re \u00e0 granules ventil\u00e9 encastrable &#8211; EVA CALOR Nina 7.5 kW<\/h2>\n<ul>\n<li>Fa\u00e7ade de porte en verre s\u00e9rigraphi\u00e9 noir<\/li>\n<li>Foyer et brasier en acier<\/li>\n<li>Ventilation frontale d\u00e9sactivable<\/li>\n<li>Tiroir avant pour le chargement du pellet<\/li>\n<li>5 puissances de fonctionnement<\/li>\n<li>Afficheur avec menu dans 6 langues<\/li>\n<li>\u00c9vacuation des fum\u00e9es : Sup\u00e9rieur \/ Arri\u00e8re<\/li>\n<li>Thermostat de s\u00e9curit\u00e9<\/li>\n<li>Pr\u00e9disposition pour thermostat ext\u00e9rieur<\/li>\n<li>Pressostat de s\u00e9curit\u00e9<\/li>\n<li>Chrono thermostat<\/li>\n<li>T\u00e9l\u00e9commande : OPTION<\/li>\n<li>Module WIFI : OPTION<\/li>\n<li>Plaque de cuisson en acier ou vitroc\u00e9ramique : CHOISIR OPTION<\/li>\n<\/ul>\n<h2>Caract\u00e9ristiques techniques de la Cuisini\u00e8re \u00e0 granules ventil\u00e9 encastrable &#8211; EVA CALOR Nina 7.5 kW<\/h2>\n<ul>\n<li>Puissance br\u00fbl\u00e9e : Pmin 2.8 \/ Pmax 7.5 kW<\/li>\n<li>Puissance nominale : Pmin 2.5 \/ Pmax 6.5 kW<\/li>\n<li>Rendement : min 88.5 \/ max 89 %<\/li>\n<li>Consommation : de 0.6 \u00e0 1.6 kg\/h<\/li>\n<li>Capacit\u00e9 du r\u00e9servoir : 16 kg<\/li>\n<li>Volume de chauffe : de 70 \u00e0 160 m3<\/li>\n<li>Distance minimale des surfaces inflammables : c\u00f4t\u00e9 1cm \/ arri\u00e8re 1cm \/ avant 100cm<\/li>\n<li>Dimensions : L 598 x P 619 x H 916 mm<\/li>\n<li>Poids : 133 kg<\/li>\n<li>Classe \u00e9nerg\u00e9tique : A+<\/li>\n<\/ul>\n<h3>Sch\u00e9ma explicatif de la Cuisini\u00e8re \u00e0 granules ventil\u00e9 encastrable &#8211; EVA CALOR Nina 7.5 kW<\/h3>\n<p><img fetchpriority=\"high\" decoding=\"async\" src=\"https:\/\/www.poelediscount.com\/img\/cms\/Sch%C3%A9ma%20technique\/EVA%20CALOR\/Nina_encastrable_TECH.png\" alt=\"Sch\u00e9ma technique de la cuisini\u00e8re \u00e0 pellets Nina encastrable evacalor\" width=\"725\" height=\"562\" \/><\/p>\n<p><strong>A propos du fabricant :\u00a0 <\/strong>La marque italienne Eva Cal\u00f2r est une entreprise qui produit dans ses propres usines une ligne compl\u00e8te de produits pour la production de chaleur r\u00e9alis\u00e9e par du personnel dot\u00e9 d\u2019une grande exp\u00e9rience. Cela garantit une qualit\u00e9 du produit excellente et certifi\u00e9e, avec des po\u00eales extr\u00eamement fiables et silencieux.<\/p>\n<\/div>\n<p>&nbsp;<\/p>\n<div>\n<p><strong><u>Garantie<\/u>\u00a0:\u00a0<\/strong>Nous vous rappelons que pour la garantie, l&rsquo;installation doit \u00eatre conforme au mode d&#8217;emploi (pr\u00e9conisation du fabricant) et doit respecter les normes en vigueur du pays, pour la France DTU 24.1 ou 24.2.<br \/>\nDe plus, comme pour tous les po\u00eales \u00e0 granul\u00e9s, les appareils sont \u00e0 r\u00e9gler en fonction du tirage naturel de l&rsquo;installation choisie.<\/p>\n<\/div>\n<div class=\"row\" style=\"padding-top: 20px;\">\n<div class=\"col-xs-12 col-sm-12 col-md-12 col-lg-4\" style=\"text-align: center; padding: 15px 2px 25px 2px;\">Questions fr\u00e9quentes<\/div>\n<div class=\"col-xs-12 col-sm-12 col-md-12 col-lg-4\" style=\"text-align: center; padding: 15px 2px 25px 2px;\">Quelle puissance choisir ?<\/div>\n<div class=\"col-xs-12 col-sm-12 col-md-12 col-lg-4\" style=\"text-align: center; padding: 15px 2px 25px 2px;\">Livraison<\/div>\n<\/div>\n","protected":false},"excerpt":{"rendered":"<p id=\"product_reference\"><label>R\u00e9f\u00e9rence <\/label><br \/>\n<span class=\"editable\">87690TYGD23<\/span><\/p>\n<p id=\"product_condition\"><label>\u00c9tat : <\/label><br \/>\n<span class=\"editable\">Neuf<\/span><\/p>\n<p id=\"product_ean13\"><label>Ean13: <\/label><br \/>\n8029728640086<\/p>\n<div id=\"short_description_block\">\n<div id=\"short_description_content\" class=\"rte align_justify\">\n<ul>\n<li>Marque EVA CALOR<\/li>\n<li>Garantie 2 ans pi\u00e8ces<\/li>\n<li>Fabriqu\u00e9 en Italie<\/li>\n<li>Programmable Eco-stop (StandBy)<\/li>\n<li>Non \u00e9tanche : Zone 1<\/li>\n<li>EcoDesign 2022<\/li>\n<\/ul>\n<p><strong><span style=\"color: #218e53;\">D\u00e9lai de livraison : 5 \u00e0 12 jours ouvr\u00e9s<\/span> <\/strong><\/p>\n<p><span style=\"text-decoration: underline;\"><strong>LIVRAISON GRATUITE<\/strong><\/span> (Partout en Europe)<\/p>\n<\/div>\n<\/div>\n<div class=\"attribute_list\">\n<div id=\"uniform-group_2\" class=\"selector\" style=\"width: 191.667px;\"><\/div>\n<\/div>\n<p><!-- end attribute_list --><\/p>\n","protected":false},"featured_media":9701,"comment_status":"open","ping_status":"closed","template":"","meta":[],"product_brand":[],"product_cat":[93,95],"product_tag":[],"class_list":{"0":"post-9651","1":"product","2":"type-product","3":"status-publish","4":"has-post-thumbnail","6":"product_cat-cuisinieres","7":"product_cat-cuisinieres-a-granules","9":"first","10":"instock","11":"sale","12":"purchasable","13":"product-type-simple"},"jetpack_sharing_enabled":true,"_links":{"self":[{"href":"https:\/\/troncybois.com\/index.php?rest_route=\/wp\/v2\/product\/9651","targetHints":{"allow":["GET"]}}],"collection":[{"href":"https:\/\/troncybois.com\/index.php?rest_route=\/wp\/v2\/product"}],"about":[{"href":"https:\/\/troncybois.com\/index.php?rest_route=\/wp\/v2\/types\/product"}],"replies":[{"embeddable":true,"href":"https:\/\/troncybois.com\/index.php?rest_route=%2Fwp%2Fv2%2Fcomments&post=9651"}],"version-history":[{"count":1,"href":"https:\/\/troncybois.com\/index.php?rest_route=\/wp\/v2\/product\/9651\/revisions"}],"predecessor-version":[{"id":9708,"href":"https:\/\/troncybois.com\/index.php?rest_route=\/wp\/v2\/product\/9651\/revisions\/9708"}],"wp:featuredmedia":[{"embeddable":true,"href":"https:\/\/troncybois.com\/index.php?rest_route=\/wp\/v2\/media\/9701"}],"wp:attachment":[{"href":"https:\/\/troncybois.com\/index.php?rest_route=%2Fwp%2Fv2%2Fmedia&parent=9651"}],"wp:term":[{"taxonomy":"product_brand","embeddable":true,"href":"https:\/\/troncybois.com\/index.php?rest_route=%2Fwp%2Fv2%2Fproduct_brand&post=9651"},{"taxonomy":"product_cat","embeddable":true,"href":"https:\/\/troncybois.com\/index.php?rest_route=%2Fwp%2Fv2%2Fproduct_cat&post=9651"},{"taxonomy":"product_tag","embeddable":true,"href":"https:\/\/troncybois.com\/index.php?rest_route=%2Fwp%2Fv2%2Fproduct_tag&post=9651"}],"curies":[{"name":"wp","href":"https:\/\/api.w.org\/{rel}","templated":true}]}}