{"id":9322,"date":"2022-10-24T14:11:40","date_gmt":"2022-10-24T12:11:40","guid":{"rendered":"https:\/\/antiquewhite-gerbil-448984.hostingersite.com\/?post_type=product&#038;p=9322"},"modified":"2023-10-28T04:55:11","modified_gmt":"2023-10-28T02:55:11","slug":"pellet-strong-pellet-palette-de-70-sacs-de-15-kg","status":"publish","type":"product","link":"https:\/\/troncybois.com\/?product=pellet-strong-pellet-palette-de-70-sacs-de-15-kg","title":{"rendered":"PELLET STRONG PELLET &#8211; PALETTE DE 70 SACS DE 15 KG"},"content":{"rendered":"<p>L&rsquo;entreprise qui fabrique ces pellets est tr\u00e8s soucieuse de l&rsquo;environnement.<\/p>\n<p>En choisissant ces pellets, vous contribuez \u00e0 l&rsquo;am\u00e9lioration de la gestion des for\u00eats et \u00e0 la protection des esp\u00e8ces qui y vivent.<\/p>\n<p>Un produit certifi\u00e9\u00a0<strong>EN Plus A1<\/strong>\u00a0ce qui garantit un produit de bonne qualit\u00e9, fabriqu\u00e9 dans le respect de r\u00e8gles strictes.<\/p>\n<p><strong>PEFC<\/strong>\u00a0: gestion durable des for\u00eats, favorise l&rsquo;\u00e9quilibre entre les dimensions environnementales, soci\u00e9tales et \u00e9conomiques.<\/p>\n<p>Gr\u00e2ce \u00e0 ces 2 certifications, vous aurez un pellet qualit\u00e9 qui conviendra parfaitement \u00e0 tous les syst\u00e8mes de chauffage aux granul\u00e9s de bois.<\/p>\n<p>Entreprise engag\u00e9e pour l&rsquo;environnement,\u00a0<strong>le sac plastique<\/strong>\u00a0est compos\u00e9 \u00e0 60% de plastiques recycl\u00e9s et il est donc\u00a0<strong>100% recyclable<\/strong>.<\/p>\n<p>En choisissant ce sac, vous participez \u00e0 une plan\u00e8te plus propre.<\/p>\n<p><strong>Diff\u00e9rents modes de chauffage \u00e0 granul\u00e9s :<\/strong><\/p>\n<p>Chauffage ind\u00e9pendant type\u00a0<strong>po\u00eale<\/strong>\u00a0: il chauffera uniquement la pi\u00e8ce dans laquelle il est install\u00e9.<\/p>\n<p>Chauffage central type\u00a0<strong>chaudi\u00e8re<\/strong>\u00a0: va chauffer une r\u00e9serve d&rsquo;eau qui va alimenter le chauffage central. Ce qui va diffuser la chaleur tr\u00e8s loin, elle peut aussi produire de l&rsquo;eau chaude.<\/p>\n<p>&nbsp;<\/p>\n","protected":false},"excerpt":{"rendered":"<h5 class=\"h6\">La livraison se fait\u00a0jusque dans le lieu de stockage du produit \u00e0 l&rsquo;endroit voulu et le d\u00e9lai de la livraison est comprise entre 1 \u00e0 10 jours.<\/h5>\n<h3 class=\"h6\">Fiche technique<\/h3>\n<dl class=\"data-sheet\">\n<dt class=\"name\">Composition<\/dt>\n<dd class=\"value\">M\u00e9lange de bois<\/dd>\n<dt class=\"name\">Certificats<\/dt>\n<dd class=\"value\">EN Plus A1, PEFC<\/dd>\n<dt class=\"name\">Pouvoir Calorifique<\/dt>\n<dd class=\"value\">Sup\u00e9rieur \u00e0 4,6 kWh\/kg<\/dd>\n<dt class=\"name\">Taux D&rsquo;humidit\u00e9<\/dt>\n<dd class=\"value\">Inf\u00e9rieur \u00e0 10%<\/dd>\n<dt class=\"name\">Taux De Cendres<\/dt>\n<dd class=\"value\">Inf\u00e9rieur \u00e0 0,7%<\/dd>\n<dt class=\"name\">Diam\u00e8tre<\/dt>\n<dd class=\"value\">6 mm<\/dd>\n<dt class=\"name\">Conditionnement<\/dt>\n<dd class=\"value\">Palette<\/dd>\n<dt class=\"name\">Origine<\/dt>\n<dd class=\"value\">Espagne<\/dd>\n<\/dl>\n","protected":false},"featured_media":9350,"comment_status":"closed","ping_status":"closed","template":"","meta":[],"product_brand":[],"product_cat":[85],"product_tag":[],"class_list":{"0":"post-9322","1":"product","2":"type-product","3":"status-publish","4":"has-post-thumbnail","6":"product_cat-pellets","8":"first","9":"instock","10":"sale","11":"shipping-taxable","12":"purchasable","13":"product-type-simple"},"jetpack_sharing_enabled":true,"_links":{"self":[{"href":"https:\/\/troncybois.com\/index.php?rest_route=\/wp\/v2\/product\/9322","targetHints":{"allow":["GET"]}}],"collection":[{"href":"https:\/\/troncybois.com\/index.php?rest_route=\/wp\/v2\/product"}],"about":[{"href":"https:\/\/troncybois.com\/index.php?rest_route=\/wp\/v2\/types\/product"}],"replies":[{"embeddable":true,"href":"https:\/\/troncybois.com\/index.php?rest_route=%2Fwp%2Fv2%2Fcomments&post=9322"}],"version-history":[{"count":1,"href":"https:\/\/troncybois.com\/index.php?rest_route=\/wp\/v2\/product\/9322\/revisions"}],"predecessor-version":[{"id":9351,"href":"https:\/\/troncybois.com\/index.php?rest_route=\/wp\/v2\/product\/9322\/revisions\/9351"}],"wp:featuredmedia":[{"embeddable":true,"href":"https:\/\/troncybois.com\/index.php?rest_route=\/wp\/v2\/media\/9350"}],"wp:attachment":[{"href":"https:\/\/troncybois.com\/index.php?rest_route=%2Fwp%2Fv2%2Fmedia&parent=9322"}],"wp:term":[{"taxonomy":"product_brand","embeddable":true,"href":"https:\/\/troncybois.com\/index.php?rest_route=%2Fwp%2Fv2%2Fproduct_brand&post=9322"},{"taxonomy":"product_cat","embeddable":true,"href":"https:\/\/troncybois.com\/index.php?rest_route=%2Fwp%2Fv2%2Fproduct_cat&post=9322"},{"taxonomy":"product_tag","embeddable":true,"href":"https:\/\/troncybois.com\/index.php?rest_route=%2Fwp%2Fv2%2Fproduct_tag&post=9322"}],"curies":[{"name":"wp","href":"https:\/\/api.w.org\/{rel}","templated":true}]}}