{"id":9316,"date":"2022-10-24T14:11:39","date_gmt":"2022-10-24T12:11:39","guid":{"rendered":"https:\/\/antiquewhite-gerbil-448984.hostingersite.com\/?post_type=product&#038;p=9316"},"modified":"2024-05-29T23:15:43","modified_gmt":"2024-05-29T21:15:43","slug":"alto-serviteur","status":"publish","type":"product","link":"https:\/\/troncybois.com\/?product=alto-serviteur","title":{"rendered":"ALTO Serviteur"},"content":{"rendered":"<p>Serviteur de chemin\u00e9e ALTO design en acier<\/p>\n<p>Contenant une pelle, un balai, une pince et un tisonnier<\/p>\n<p>Serviteur en acier disponible en 2 couleurs:<\/p>\n<ul>\n<li>Gris sabl\u00e9<\/li>\n<li>Noir givr\u00e9<\/li>\n<\/ul>\n<p>Id\u00e9al pour compl\u00e9ter le rangement \u00e0 b\u00fbches ALTO<\/p>\n","protected":false},"excerpt":{"rendered":"<ul id=\"idTab2\" class=\"bullet\">\n<li>Hauteur\u00a050cm<\/li>\n<li>Largeur\u00a021cm<\/li>\n<li>Profondeur\u00a012cm<\/li>\n<\/ul>\n","protected":false},"featured_media":9338,"comment_status":"closed","ping_status":"closed","template":"","meta":[],"product_brand":[],"product_cat":[86],"product_tag":[],"class_list":{"0":"post-9316","1":"product","2":"type-product","3":"status-publish","4":"has-post-thumbnail","6":"product_cat-palette-de-briquettes","8":"first","9":"instock","10":"shipping-taxable","11":"purchasable","12":"product-type-simple"},"jetpack_sharing_enabled":true,"_links":{"self":[{"href":"https:\/\/troncybois.com\/index.php?rest_route=\/wp\/v2\/product\/9316","targetHints":{"allow":["GET"]}}],"collection":[{"href":"https:\/\/troncybois.com\/index.php?rest_route=\/wp\/v2\/product"}],"about":[{"href":"https:\/\/troncybois.com\/index.php?rest_route=\/wp\/v2\/types\/product"}],"replies":[{"embeddable":true,"href":"https:\/\/troncybois.com\/index.php?rest_route=%2Fwp%2Fv2%2Fcomments&post=9316"}],"version-history":[{"count":1,"href":"https:\/\/troncybois.com\/index.php?rest_route=\/wp\/v2\/product\/9316\/revisions"}],"predecessor-version":[{"id":9339,"href":"https:\/\/troncybois.com\/index.php?rest_route=\/wp\/v2\/product\/9316\/revisions\/9339"}],"wp:featuredmedia":[{"embeddable":true,"href":"https:\/\/troncybois.com\/index.php?rest_route=\/wp\/v2\/media\/9338"}],"wp:attachment":[{"href":"https:\/\/troncybois.com\/index.php?rest_route=%2Fwp%2Fv2%2Fmedia&parent=9316"}],"wp:term":[{"taxonomy":"product_brand","embeddable":true,"href":"https:\/\/troncybois.com\/index.php?rest_route=%2Fwp%2Fv2%2Fproduct_brand&post=9316"},{"taxonomy":"product_cat","embeddable":true,"href":"https:\/\/troncybois.com\/index.php?rest_route=%2Fwp%2Fv2%2Fproduct_cat&post=9316"},{"taxonomy":"product_tag","embeddable":true,"href":"https:\/\/troncybois.com\/index.php?rest_route=%2Fwp%2Fv2%2Fproduct_tag&post=9316"}],"curies":[{"name":"wp","href":"https:\/\/api.w.org\/{rel}","templated":true}]}}