{"id":9221,"date":"2022-10-24T14:11:22","date_gmt":"2022-10-24T12:11:22","guid":{"rendered":"https:\/\/antiquewhite-gerbil-448984.hostingersite.com\/?post_type=product&#038;p=9221"},"modified":"2024-05-30T18:09:43","modified_gmt":"2024-05-30T16:09:43","slug":"palette-de-pellets-proxima-star","status":"publish","type":"product","link":"https:\/\/troncybois.com\/?product=palette-de-pellets-proxima-star","title":{"rendered":"Palette de pellets PROXIMA STAR"},"content":{"rendered":"<p><b>Palette de pellets PROXIMA STAR \u2013 Pellets qualit\u00e9 ultra premium certifi\u00e9 DINplus 100% r\u00e9sineux.<\/b><\/p>\n<p>Le meilleur pouvoir calorifique du march\u00e9. Pellets de qualit\u00e9 premium certifi\u00e9 sans poussi\u00e8re et sans m\u00e2chefer. Palette de pellet avec certification DIN Plus 100% naturel, votre chauffage reste en bon \u00e9tat plus longtemps. Bonne Combustion et plus de 99% de durabilit\u00e9.<\/p>\n<p><strong>\u2713 Une qualit\u00e9 des pellets certifi\u00e9e et garantie<\/strong>\u202f: Les pellets Proxima Star sont certifi\u00e9s DINplus #7A302. Ils ont d\u2019excellentes caract\u00e9ristiques techniques. Nous garantissons que vous serez satisfait par leur qualit\u00e9 ou rembours\u00e9 !<\/p>\n<p><strong>\u2713 Des pellets 100% r\u00e9sineux<\/strong>\u00a0: Crit\u00e8re de qualit\u00e9 essentiel si vous \u00eates soucieux de maximiser le rendement de votre po\u00eale, tout en minimisant son encrassement. Avec les pellets Proxima Star votre appareil de chauffage reste en bon \u00e9tat plus longtemps et est plus facile \u00e0 entretenir.<\/p>\n<p><strong>\u2713 Des pellets d\u00e9poussi\u00e9r\u00e9s<\/strong>\u00a0: Les pellets Proxima Star sont mis en sac pr\u00e8s de chez vous. Lors de cette op\u00e9ration de conditionnement, les pellets sont pass\u00e9s au crible, tamis\u00e9s et filtr\u00e9s. En cons\u00e9quence : il n\u2019y a pas de fines et de poussi\u00e8re dans vos sacs de pellets. Rappelez-vous que vous achetez vos pellets au kilo : il vaut mieux de vrais granul\u00e9s de bois que de la poussi\u00e8re qui ne chauffe pas, et qui salit votre maison.<\/p>\n<p><strong>\u2713 Des pellets \u00e9cologiques<\/strong>\u00a0: En optant pour les pellets Proxima Star, vous choisissez un fournisseur belge proche et responsable vous garantissant une meilleure tra\u00e7abilit\u00e9. Nous livrons en circuit court des granul\u00e9s de bois 100% naturels.<\/p>\n<p><strong>LIVRAISON GRATUITE COMPRISE<\/strong>\u202f: 0.00\u20ac<\/p>\n<p>Livraisons sous 48 heures (c\u2019est \u00e0 dire \u00e0 partir du second jour ouvrable suivant le virement des fonds). Vous choisissez la jour de la livraison et le transporteur vous informe le cr\u00e9neau horaire du la livraison.<\/p>\n<p>Livraison par camion \u00e0 hayon \u00e9quip\u00e9 d\u2019un moffet et\/ou d\u2019un transpalette tout-terrain (moins large et plus l\u00e9ger).<\/p>\n<p><strong>Dimensions du moffet<\/strong>\u202f:<br \/>\n\u2022 Longueur 4m<br \/>\n\u2022 Largeur 2,50m<br \/>\n\u2022 Hauteur 2,60m<br \/>\n\u2022 Poids 2,5 tonnes<\/p>\n<p>Livraison de la palette assur\u00e9e jusqu\u2019\u00e0 votre lieu de stockage\u00a0<strong>\u00e0 condition de disposer d\u2019un acc\u00e8s pouvant accepter les dimensions du moffet<\/strong>. Le livreur est en mesure de franchir tous les obstacles, il peut passer \u00e0 travers des chemins en gravier, ou monter des pentes ou des bordures.<\/p>\n<ul>\n<li>66 sacs plastique de 15 kg de pellets = 990 kg par palette<\/li>\n<li>Sacs plastique tr\u00e8s robustes<\/li>\n<li>Palettes de bois, non cautionn\u00e9e et suffisamment large (les sacs ne d\u00e9passent pas de la palette et ne se d\u00e9chirent pas)<\/li>\n<li>Palette houss\u00e9e (prot\u00e8ge de la pluie)<\/li>\n<\/ul>\n<p>&nbsp;<\/p>\n<p><strong>CARACT\u00c9RISTIQUES TECHNIQUES<\/strong><\/p>\n<table class=\"woocommerce-product-attributes shop_attributes\">\n<tbody>\n<tr class=\"woocommerce-product-attributes-item woocommerce-product-attributes-item--attribute_composition\">\n<th class=\"woocommerce-product-attributes-item__label\">COMPOSITION<\/th>\n<td class=\"woocommerce-product-attributes-item__value\">100 % bois r\u00e9sineux (\u00e9pic\u00e9a)<\/td>\n<\/tr>\n<tr class=\"woocommerce-product-attributes-item woocommerce-product-attributes-item--attribute_diam%c3%a8tre\">\n<th class=\"woocommerce-product-attributes-item__label\">DIAM\u00c8TRE<\/th>\n<td class=\"woocommerce-product-attributes-item__value\">6 mm<\/td>\n<\/tr>\n<tr class=\"woocommerce-product-attributes-item woocommerce-product-attributes-item--attribute_longueur-moyenne\">\n<th class=\"woocommerce-product-attributes-item__label\">LONGUEUR MOYENNE<\/th>\n<td class=\"woocommerce-product-attributes-item__value\">14,2 mm<\/td>\n<\/tr>\n<tr class=\"woocommerce-product-attributes-item woocommerce-product-attributes-item--attribute_humidit%c3%a9\">\n<th class=\"woocommerce-product-attributes-item__label\">HUMIDIT\u00c9<\/th>\n<td class=\"woocommerce-product-attributes-item__value\">7,2 %<\/td>\n<\/tr>\n<tr class=\"woocommerce-product-attributes-item woocommerce-product-attributes-item--attribute_teneur-en-cendres\">\n<th class=\"woocommerce-product-attributes-item__label\">TENEUR EN CENDRES<\/th>\n<td class=\"woocommerce-product-attributes-item__value\">0,4 %<\/td>\n<\/tr>\n<tr class=\"woocommerce-product-attributes-item woocommerce-product-attributes-item--attribute_temp%c3%a9rature-de-fusion-des-cendres\">\n<th class=\"woocommerce-product-attributes-item__label\">TEMP\u00c9RATURE DE FUSION DES CENDRES<\/th>\n<td class=\"woocommerce-product-attributes-item__value\">1430 \u00b0C<\/td>\n<\/tr>\n<tr class=\"woocommerce-product-attributes-item woocommerce-product-attributes-item--attribute_taux-de-fines\">\n<th class=\"woocommerce-product-attributes-item__label\">TAUX DE FINES<\/th>\n<td class=\"woocommerce-product-attributes-item__value\">0,25 %<\/td>\n<\/tr>\n<tr class=\"woocommerce-product-attributes-item woocommerce-product-attributes-item--attribute_durabilit%c3%a9\">\n<th class=\"woocommerce-product-attributes-item__label\">DURABILIT\u00c9<\/th>\n<td class=\"woocommerce-product-attributes-item__value\">98,7 %<\/td>\n<\/tr>\n<tr class=\"woocommerce-product-attributes-item woocommerce-product-attributes-item--attribute_masse-volumique\">\n<th class=\"woocommerce-product-attributes-item__label\">MASSE VOLUMIQUE<\/th>\n<td class=\"woocommerce-product-attributes-item__value\">690 kg\/m3<\/td>\n<\/tr>\n<tr class=\"woocommerce-product-attributes-item woocommerce-product-attributes-item--attribute_pouvoir-calorifique\">\n<th class=\"woocommerce-product-attributes-item__label\">POUVOIR CALORIFIQUE<\/th>\n<td class=\"woocommerce-product-attributes-item__value\">17,57 MJ\/kg<\/td>\n<\/tr>\n<\/tbody>\n<\/table>\n","protected":false},"excerpt":{"rendered":"<p>Livraison incluse dans le prix : sans caution de palette, partout en Belgique, avec moffet<br \/>\nPalette : 66 sacs plastique<br \/>\nPoids : 990 kg<br \/>\nProducteur : Prima (Belgique)<br \/>\nComposition : 100% bois r\u00e9sineux<br \/>\nTaux de cendres constat\u00e9 : 0,4 %<\/p>\n","protected":false},"featured_media":9256,"comment_status":"closed","ping_status":"closed","template":"","meta":[],"product_brand":[],"product_cat":[85],"product_tag":[],"class_list":{"0":"post-9221","1":"product","2":"type-product","3":"status-publish","4":"has-post-thumbnail","6":"product_cat-pellets","8":"first","9":"instock","10":"shipping-taxable","11":"purchasable","12":"product-type-simple"},"jetpack_sharing_enabled":true,"_links":{"self":[{"href":"https:\/\/troncybois.com\/index.php?rest_route=\/wp\/v2\/product\/9221","targetHints":{"allow":["GET"]}}],"collection":[{"href":"https:\/\/troncybois.com\/index.php?rest_route=\/wp\/v2\/product"}],"about":[{"href":"https:\/\/troncybois.com\/index.php?rest_route=\/wp\/v2\/types\/product"}],"replies":[{"embeddable":true,"href":"https:\/\/troncybois.com\/index.php?rest_route=%2Fwp%2Fv2%2Fcomments&post=9221"}],"version-history":[{"count":1,"href":"https:\/\/troncybois.com\/index.php?rest_route=\/wp\/v2\/product\/9221\/revisions"}],"predecessor-version":[{"id":9258,"href":"https:\/\/troncybois.com\/index.php?rest_route=\/wp\/v2\/product\/9221\/revisions\/9258"}],"wp:featuredmedia":[{"embeddable":true,"href":"https:\/\/troncybois.com\/index.php?rest_route=\/wp\/v2\/media\/9256"}],"wp:attachment":[{"href":"https:\/\/troncybois.com\/index.php?rest_route=%2Fwp%2Fv2%2Fmedia&parent=9221"}],"wp:term":[{"taxonomy":"product_brand","embeddable":true,"href":"https:\/\/troncybois.com\/index.php?rest_route=%2Fwp%2Fv2%2Fproduct_brand&post=9221"},{"taxonomy":"product_cat","embeddable":true,"href":"https:\/\/troncybois.com\/index.php?rest_route=%2Fwp%2Fv2%2Fproduct_cat&post=9221"},{"taxonomy":"product_tag","embeddable":true,"href":"https:\/\/troncybois.com\/index.php?rest_route=%2Fwp%2Fv2%2Fproduct_tag&post=9221"}],"curies":[{"name":"wp","href":"https:\/\/api.w.org\/{rel}","templated":true}]}}