{"id":9132,"date":"2022-10-24T14:09:00","date_gmt":"2022-10-24T12:09:00","guid":{"rendered":"https:\/\/antiquewhite-gerbil-448984.hostingersite.com\/?post_type=product&#038;p=9132"},"modified":"2024-05-30T18:13:28","modified_gmt":"2024-05-30T16:13:28","slug":"villa-rangement-a-granules-30kg","status":"publish","type":"product","link":"https:\/\/troncybois.com\/?product=villa-rangement-a-granules-30kg","title":{"rendered":"VILLA &#8211; Rangement \u00e0 granul\u00e9s 30kg"},"content":{"rendered":"<p>Dot\u00e9 d&rsquo;un design d&rsquo;une grande sobri\u00e9t\u00e9, le rangement \u00e0 granul\u00e9s BATISS est avant tout pratique.<\/p>\n<p>Les avantages produit:<\/p>\n<ul>\n<li><strong>Sur roulettes<\/strong>\u00a0pour rapprocher le rangement le plus pr\u00e8s du point de stockage de granul\u00e9s<\/li>\n<li>Inclut un\u00a0<strong>couvercle peint<\/strong><\/li>\n<li><strong>Poign\u00e9e<\/strong>\u00a0utilisable pour suspendre le couvercle<\/li>\n<li><strong>Fabrication Fran\u00e7aise<\/strong><\/li>\n<\/ul>\n<p>&nbsp;<\/p>\n<ul>\n<li><span class=\"black\"><strong>Hauteur :<\/strong>\u00a046.5 cm<\/span><\/li>\n<li><span class=\"black\"><strong>Diam\u00e8tre :<\/strong>\u00a039.5 cm<\/span><\/li>\n<\/ul>\n<p><span class=\"black\">Fait partie de la s\u00e9rie BATISS, VILLA, PALASS de 15, 30 ou 45kg de contenance.<\/span><\/p>\n","protected":false},"excerpt":{"rendered":"<h5 class=\"h6\">La livraison se fait\u00a0jusque dans le lieu de stockage du produit \u00e0 l&rsquo;endroit voulu et le d\u00e9lai de la livraison est comprise entre 1 \u00e0 10 jours.<\/h5>\n","protected":false},"featured_media":9196,"comment_status":"closed","ping_status":"closed","template":"","meta":[],"product_brand":[],"product_cat":[82],"product_tag":[],"class_list":{"0":"post-9132","1":"product","2":"type-product","3":"status-publish","4":"has-post-thumbnail","6":"product_cat-granules","8":"first","9":"instock","10":"shipping-taxable","11":"purchasable","12":"product-type-simple"},"jetpack_sharing_enabled":true,"_links":{"self":[{"href":"https:\/\/troncybois.com\/index.php?rest_route=\/wp\/v2\/product\/9132","targetHints":{"allow":["GET"]}}],"collection":[{"href":"https:\/\/troncybois.com\/index.php?rest_route=\/wp\/v2\/product"}],"about":[{"href":"https:\/\/troncybois.com\/index.php?rest_route=\/wp\/v2\/types\/product"}],"replies":[{"embeddable":true,"href":"https:\/\/troncybois.com\/index.php?rest_route=%2Fwp%2Fv2%2Fcomments&post=9132"}],"version-history":[{"count":1,"href":"https:\/\/troncybois.com\/index.php?rest_route=\/wp\/v2\/product\/9132\/revisions"}],"predecessor-version":[{"id":9200,"href":"https:\/\/troncybois.com\/index.php?rest_route=\/wp\/v2\/product\/9132\/revisions\/9200"}],"wp:featuredmedia":[{"embeddable":true,"href":"https:\/\/troncybois.com\/index.php?rest_route=\/wp\/v2\/media\/9196"}],"wp:attachment":[{"href":"https:\/\/troncybois.com\/index.php?rest_route=%2Fwp%2Fv2%2Fmedia&parent=9132"}],"wp:term":[{"taxonomy":"product_brand","embeddable":true,"href":"https:\/\/troncybois.com\/index.php?rest_route=%2Fwp%2Fv2%2Fproduct_brand&post=9132"},{"taxonomy":"product_cat","embeddable":true,"href":"https:\/\/troncybois.com\/index.php?rest_route=%2Fwp%2Fv2%2Fproduct_cat&post=9132"},{"taxonomy":"product_tag","embeddable":true,"href":"https:\/\/troncybois.com\/index.php?rest_route=%2Fwp%2Fv2%2Fproduct_tag&post=9132"}],"curies":[{"name":"wp","href":"https:\/\/api.w.org\/{rel}","templated":true}]}}