{"id":9128,"date":"2022-10-24T14:08:59","date_gmt":"2022-10-24T12:08:59","guid":{"rendered":"https:\/\/antiquewhite-gerbil-448984.hostingersite.com\/?post_type=product&#038;p=9128"},"modified":"2024-05-30T18:31:43","modified_gmt":"2024-05-30T16:31:43","slug":"titan-rangement-a-granules-60kg","status":"publish","type":"product","link":"https:\/\/troncybois.com\/?product=titan-rangement-a-granules-60kg","title":{"rendered":"TITAN &#8211; Rangement \u00e0 granul\u00e9s 60kg"},"content":{"rendered":"<p>Rangement \u00e0 granul\u00e9s de bois TITAN, sur roulettes<\/p>\n<p>Fabrication Fran\u00e7aise<\/p>\n<p>Grande contenance 60kg\u00a0 soit 4 sacs de 15kg<\/p>\n","protected":false},"excerpt":{"rendered":"<p>Sur roulettes<br \/>\nCouvercle sur charni\u00e8res<br \/>\nTr\u00e8s grande contenance : 60 kg, soit 4 sacs de 15 kg<br \/>\nHauteur 63<br \/>\nLargeur 40<br \/>\nProfondeur 40<\/p>\n","protected":false},"featured_media":9181,"comment_status":"closed","ping_status":"closed","template":"","meta":[],"product_brand":[],"product_cat":[82],"product_tag":[],"class_list":{"0":"post-9128","1":"product","2":"type-product","3":"status-publish","4":"has-post-thumbnail","6":"product_cat-granules","8":"first","9":"instock","10":"shipping-taxable","11":"purchasable","12":"product-type-simple"},"jetpack_sharing_enabled":true,"_links":{"self":[{"href":"https:\/\/troncybois.com\/index.php?rest_route=\/wp\/v2\/product\/9128","targetHints":{"allow":["GET"]}}],"collection":[{"href":"https:\/\/troncybois.com\/index.php?rest_route=\/wp\/v2\/product"}],"about":[{"href":"https:\/\/troncybois.com\/index.php?rest_route=\/wp\/v2\/types\/product"}],"replies":[{"embeddable":true,"href":"https:\/\/troncybois.com\/index.php?rest_route=%2Fwp%2Fv2%2Fcomments&post=9128"}],"version-history":[{"count":1,"href":"https:\/\/troncybois.com\/index.php?rest_route=\/wp\/v2\/product\/9128\/revisions"}],"predecessor-version":[{"id":9184,"href":"https:\/\/troncybois.com\/index.php?rest_route=\/wp\/v2\/product\/9128\/revisions\/9184"}],"wp:featuredmedia":[{"embeddable":true,"href":"https:\/\/troncybois.com\/index.php?rest_route=\/wp\/v2\/media\/9181"}],"wp:attachment":[{"href":"https:\/\/troncybois.com\/index.php?rest_route=%2Fwp%2Fv2%2Fmedia&parent=9128"}],"wp:term":[{"taxonomy":"product_brand","embeddable":true,"href":"https:\/\/troncybois.com\/index.php?rest_route=%2Fwp%2Fv2%2Fproduct_brand&post=9128"},{"taxonomy":"product_cat","embeddable":true,"href":"https:\/\/troncybois.com\/index.php?rest_route=%2Fwp%2Fv2%2Fproduct_cat&post=9128"},{"taxonomy":"product_tag","embeddable":true,"href":"https:\/\/troncybois.com\/index.php?rest_route=%2Fwp%2Fv2%2Fproduct_tag&post=9128"}],"curies":[{"name":"wp","href":"https:\/\/api.w.org\/{rel}","templated":true}]}}