{"id":9124,"date":"2022-10-24T14:08:59","date_gmt":"2022-10-24T12:08:59","guid":{"rendered":"https:\/\/antiquewhite-gerbil-448984.hostingersite.com\/?post_type=product&#038;p=9124"},"modified":"2024-05-30T18:33:53","modified_gmt":"2024-05-30T16:33:53","slug":"granules-de-bois-isko-palette-de-70-sacs-1050kg","status":"publish","type":"product","link":"https:\/\/troncybois.com\/?product=granules-de-bois-isko-palette-de-70-sacs-1050kg","title":{"rendered":"Granul\u00e9s de bois ISKO &#8211; Palette de 70 sacs 1050kg"},"content":{"rendered":"<p><strong>Le prix livr\u00e9 comprend la livraison des sacs \u00e0 domicile, sous r\u00e9serve d&rsquo;accessibilit\u00e9 raisonnable, sans d\u00e9filmer la palette.<\/strong><\/p>\n<p><strong>Les granul\u00e9s de bois ISKO\u00a0<\/strong>sont\u00a0<strong>100 % r\u00e9sineux et issu du savoir faire et de l&rsquo;exp\u00e9rience de la soci\u00e9t\u00e9 Piskorski, leader sur le march\u00e9 du granul\u00e9 dans la r\u00e9gion Grand Est.<\/strong><\/p>\n<p>&nbsp;<\/p>\n<p>Cr\u00e9\u00e9e en 2019, la marque\u00a0<strong>ISKO<\/strong>\u00a0s\u2019inscrit pleinement dans\u00a0la d\u00e9marche de l\u2019entreprise\u00a0familiale Piskorski.<br \/>\nElle adopte le coeur\u00a0de son nom &#8211;<strong>\u00a0ISKO<\/strong>\u00a0, qui\u00a0est l\u2019extraction de Piskorski.<br \/>\nElle repr\u00e9sente un produit\u00a0<strong>authentique et haut de gamme<\/strong>,\u00a0dans l\u2019esprit des valeurs\u00a0qui fondent l\u2019entreprise\u00a0depuis 1940.<\/p>\n<p>Le prix \u00a0emport\u00e9 est valable dans nos agences de Brieulles sur Meuse, de Metz et Ludres.<\/p>\n<ul>\n<li>Pouvoir calorifique: &gt; 5 kWh\/kg, &gt; 18,0 MJ\/kg<\/li>\n<li>6 mm de diam\u00e8tre<\/li>\n<li>30 mm de long<\/li>\n<li>&lt; 10 % d\u2019humidit\u00e9<\/li>\n<li>&lt; 0,5 % de cendres<\/li>\n<li>\u2265 97,5 % de durabilit\u00e9 m\u00e9canique<\/li>\n<li>&lt; 1,2 kg \/dm3 de densit\u00e9<\/li>\n<li>\u2264 1 % de taux de fines (au point de vente)<\/li>\n<\/ul>\n<p><strong>Certification DIN plus n\u00b0 7A368\u00a0:\u00a0<\/strong>cette norme garantit la qualit\u00e9 des granul\u00e9s de bois pour un maximum d\u2019\u00e9nergie et un minimum de cendres<\/p>\n<p>La livraison se fait\u00a0<strong>jusque dans le lieu de stockage du produit<\/strong>, sous r\u00e9serve d\u2019accessibilit\u00e9 suffisante, et sans d\u00e9filmer la palette. (Garage, remise ou abri: nous ne descendons pas dans les cave, ne montons pas de marches, ne traversons pas les habitations, ni les jardins si un transpalette d&rsquo;une largeur de 2m ne peut passer)<\/p>\n<div class=\"text-seo\">\n<h2>Vente en ligne de bois de chauffage, pellets &amp; bois compress\u00e9<\/h2>\n<p><strong>Piskorski bois energie<\/strong>\u00a0met \u00e0 disposition des\u00a0<strong>solutions de chauffage<\/strong>\u00a0hautes performances pour tout type d\u2019appareil.\u00a0<strong>Bois b\u00fbche<\/strong>,\u00a0<strong>granul\u00e9s de bois<\/strong>,\u00a0<strong>b\u00fbches densifi\u00e9es<\/strong>\u00a0&amp;\u00a0<strong>bois pour four \u00e0 bois<\/strong>, les produits propos\u00e9s sur la\u00a0<strong>boutique en ligne<\/strong>\u00a0sont garantis de qualit\u00e9 et conf\u00e8rent un pouvoir calorifique \u00e9lev\u00e9 pour une chauffe optimale de votre int\u00e9rieur.\u00a0<strong>Exploitant forestier en Lorraine<\/strong>, Piskorski propose du\u00a0<strong>bois de chauffage et pellets<\/strong>\u00a0issus de son exploitation et travaille \u00e9galement avec des marques reconnues afin d\u2019\u00e9largir sa gamme. Pour une offre compl\u00e8te, accessoires pour l\u2019<strong>allumage du feu<\/strong>\u00a0et pour les appareils de chauffage (<strong>serviteurs<\/strong>,\u00a0<strong>rangements pour le bois<\/strong>,\u00a0<strong>produits d\u2019entretien pour chemin\u00e9e et po\u00eale<\/strong>&#8230;) sont \u00e9galement disponibles sur notre site de\u00a0<strong>vente en ligne<\/strong>.<\/p>\n<\/div>\n","protected":false},"excerpt":{"rendered":"<h4><strong>ISKO, les\u00a0granul\u00e9s de bois par Piskorski.\u00a070\u00a0ann\u00e9es d&#8217;exp\u00e9rience dans le\u00a0bois\u00a0sont synth\u00e9tis\u00e9es dans notre marque de granul\u00e9s<\/strong><\/h4>\n<p>Palette de 70 Sacs de 15 kg de Granul\u00e9s de bois = 1050<em>kg.<\/em><\/p>\n<p>Granul\u00e9s de bois\u00a0<strong>DIN+<\/strong>, 100% r\u00e9sineux.<\/p>\n<p>Num\u00e9ro d&#8217;enregistrement DIN+:<strong>\u00a07A36<\/strong><\/p>\n","protected":false},"featured_media":9168,"comment_status":"closed","ping_status":"closed","template":"","meta":[],"product_brand":[],"product_cat":[82],"product_tag":[],"class_list":{"0":"post-9124","1":"product","2":"type-product","3":"status-publish","4":"has-post-thumbnail","6":"product_cat-granules","8":"first","9":"instock","10":"sale","11":"shipping-taxable","12":"purchasable","13":"product-type-simple"},"jetpack_sharing_enabled":true,"_links":{"self":[{"href":"https:\/\/troncybois.com\/index.php?rest_route=\/wp\/v2\/product\/9124","targetHints":{"allow":["GET"]}}],"collection":[{"href":"https:\/\/troncybois.com\/index.php?rest_route=\/wp\/v2\/product"}],"about":[{"href":"https:\/\/troncybois.com\/index.php?rest_route=\/wp\/v2\/types\/product"}],"replies":[{"embeddable":true,"href":"https:\/\/troncybois.com\/index.php?rest_route=%2Fwp%2Fv2%2Fcomments&post=9124"}],"version-history":[{"count":1,"href":"https:\/\/troncybois.com\/index.php?rest_route=\/wp\/v2\/product\/9124\/revisions"}],"predecessor-version":[{"id":9171,"href":"https:\/\/troncybois.com\/index.php?rest_route=\/wp\/v2\/product\/9124\/revisions\/9171"}],"wp:featuredmedia":[{"embeddable":true,"href":"https:\/\/troncybois.com\/index.php?rest_route=\/wp\/v2\/media\/9168"}],"wp:attachment":[{"href":"https:\/\/troncybois.com\/index.php?rest_route=%2Fwp%2Fv2%2Fmedia&parent=9124"}],"wp:term":[{"taxonomy":"product_brand","embeddable":true,"href":"https:\/\/troncybois.com\/index.php?rest_route=%2Fwp%2Fv2%2Fproduct_brand&post=9124"},{"taxonomy":"product_cat","embeddable":true,"href":"https:\/\/troncybois.com\/index.php?rest_route=%2Fwp%2Fv2%2Fproduct_cat&post=9124"},{"taxonomy":"product_tag","embeddable":true,"href":"https:\/\/troncybois.com\/index.php?rest_route=%2Fwp%2Fv2%2Fproduct_tag&post=9124"}],"curies":[{"name":"wp","href":"https:\/\/api.w.org\/{rel}","templated":true}]}}