{"id":9036,"date":"2022-10-24T14:08:44","date_gmt":"2022-10-24T12:08:44","guid":{"rendered":"https:\/\/antiquewhite-gerbil-448984.hostingersite.com\/?post_type=product&#038;p=9036"},"modified":"2024-05-30T18:57:45","modified_gmt":"2024-05-30T16:57:45","slug":"clover-rangement-a-granules","status":"publish","type":"product","link":"https:\/\/troncybois.com\/?product=clover-rangement-a-granules","title":{"rendered":"CLOVER \u2013 Rangement \u00e0 granul\u00e9s"},"content":{"rendered":"<p>Dot\u00e9 d\u2019un design d\u2019une grande sobri\u00e9t\u00e9, le rangement \u00e0 granul\u00e9s\u00a0CLOVER est avant tout pratique.<\/p>\n<p>Dot\u00e9 de 4 compartiments amovibles et facilement maniables, on peut y r\u00e9partir plus de 32kg de granul\u00e9s. Cela permet de remplir r\u00e9guli\u00e8rement le po\u00eale sans porter de lourdes charges.<\/p>\n<p>Les avantages produit:<\/p>\n<ul>\n<li><strong>4 compartiments<\/strong>\u00a0amovibles pouvant contenir plus de 8kg chacun<\/li>\n<li><strong>Sur roulettes<\/strong>\u00a0pour rapprocher le rangement le plus pr\u00e8s du point de stockage de granul\u00e9s<\/li>\n<li>Inclut un\u00a0<strong>couvercle en\u00a0bois<\/strong><\/li>\n<li><strong>Poign\u00e9e<\/strong>\u00a0pour prendre en main chaque compartiment<\/li>\n<li>Fond\u00a0<strong>anti-poussi\u00e8res<\/strong><\/li>\n<li><strong>Fabrication Fran\u00e7aise<\/strong><\/li>\n<li><span class=\"black\"><strong>Hauteur :<\/strong>\u00a060 cm<\/span><\/li>\n<li><span class=\"black\"><strong>Longueur :<\/strong>\u00a032 cm<\/span><\/li>\n<li><span class=\"black\"><strong>Profondeur :<\/strong>\u00a032 cm<\/span><\/li>\n<\/ul>\n","protected":false},"excerpt":{"rendered":"<p>Rangement \u00e0 granul\u00e9s design par DIXNEUF, disponible en noir givr\u00e9, gris sabl\u00e9 ou blanc<\/p>\n<p>Un syst\u00e8me pratique et esth\u00e9tique pour stocker jusqu\u2019\u00e0 32kg de granul\u00e9s \u00e0 c\u00f4t\u00e9 de l\u2019appareil<\/p>\n<p>Rangement divis\u00e9 en 4 \u00e9l\u00e9ments facilement pr\u00e9hensibles pour remplir l\u2019appareil<\/p>\n<p>Il dispose \u00e9galement d\u2019un fond anti-poussi\u00e8res<\/p>\n","protected":false},"featured_media":9079,"comment_status":"closed","ping_status":"closed","template":"","meta":[],"product_brand":[],"product_cat":[82],"product_tag":[],"class_list":{"0":"post-9036","1":"product","2":"type-product","3":"status-publish","4":"has-post-thumbnail","6":"product_cat-granules","8":"first","9":"instock","10":"shipping-taxable","11":"purchasable","12":"product-type-simple"},"jetpack_sharing_enabled":true,"_links":{"self":[{"href":"https:\/\/troncybois.com\/index.php?rest_route=\/wp\/v2\/product\/9036","targetHints":{"allow":["GET"]}}],"collection":[{"href":"https:\/\/troncybois.com\/index.php?rest_route=\/wp\/v2\/product"}],"about":[{"href":"https:\/\/troncybois.com\/index.php?rest_route=\/wp\/v2\/types\/product"}],"replies":[{"embeddable":true,"href":"https:\/\/troncybois.com\/index.php?rest_route=%2Fwp%2Fv2%2Fcomments&post=9036"}],"version-history":[{"count":1,"href":"https:\/\/troncybois.com\/index.php?rest_route=\/wp\/v2\/product\/9036\/revisions"}],"predecessor-version":[{"id":9080,"href":"https:\/\/troncybois.com\/index.php?rest_route=\/wp\/v2\/product\/9036\/revisions\/9080"}],"wp:featuredmedia":[{"embeddable":true,"href":"https:\/\/troncybois.com\/index.php?rest_route=\/wp\/v2\/media\/9079"}],"wp:attachment":[{"href":"https:\/\/troncybois.com\/index.php?rest_route=%2Fwp%2Fv2%2Fmedia&parent=9036"}],"wp:term":[{"taxonomy":"product_brand","embeddable":true,"href":"https:\/\/troncybois.com\/index.php?rest_route=%2Fwp%2Fv2%2Fproduct_brand&post=9036"},{"taxonomy":"product_cat","embeddable":true,"href":"https:\/\/troncybois.com\/index.php?rest_route=%2Fwp%2Fv2%2Fproduct_cat&post=9036"},{"taxonomy":"product_tag","embeddable":true,"href":"https:\/\/troncybois.com\/index.php?rest_route=%2Fwp%2Fv2%2Fproduct_tag&post=9036"}],"curies":[{"name":"wp","href":"https:\/\/api.w.org\/{rel}","templated":true}]}}