{"id":8967,"date":"2022-10-24T14:05:17","date_gmt":"2022-10-24T12:05:17","guid":{"rendered":"https:\/\/antiquewhite-gerbil-448984.hostingersite.com\/?post_type=product&#038;p=8967"},"modified":"2024-05-30T18:59:26","modified_gmt":"2024-05-30T16:59:26","slug":"alto-porte-buches","status":"publish","type":"product","link":"https:\/\/troncybois.com\/?product=alto-porte-buches","title":{"rendered":"ALTO Porte-b\u00fbches"},"content":{"rendered":"<p>ALTO est un porte b\u00fbches rectangulaire aux proportions id\u00e9ales<\/p>\n<p>Il s&rsquo;associe \u00e0 son serviteur ALTO.<\/p>\n<p>Fabrication 100 Fran\u00e7aise<\/p>\n<p>Disponible en deux couleurs: gris sabl\u00e9 et noir givr\u00e9<\/p>\n<p>Dimensions:<\/p>\n<ul>\n<li>Hauteur: 41cm<\/li>\n<li>Longeur: 40cm<\/li>\n<li>Largeur: 40cm<\/li>\n<\/ul>\n","protected":false},"excerpt":{"rendered":"<p>ALTO est un porte b\u00fbches rectangulaire aux proportions id\u00e9ales Il s&rsquo;associe \u00e0 son serviteur ALTO. Fabrication 100 Fran\u00e7aise Disponible en<\/p>\n","protected":false},"featured_media":9005,"comment_status":"closed","ping_status":"closed","template":"","meta":[],"product_brand":[],"product_cat":[74],"product_tag":[],"class_list":{"0":"post-8967","1":"product","2":"type-product","3":"status-publish","4":"has-post-thumbnail","6":"product_cat-buche","8":"first","9":"instock","10":"shipping-taxable","11":"purchasable","12":"product-type-simple"},"jetpack_sharing_enabled":true,"_links":{"self":[{"href":"https:\/\/troncybois.com\/index.php?rest_route=\/wp\/v2\/product\/8967","targetHints":{"allow":["GET"]}}],"collection":[{"href":"https:\/\/troncybois.com\/index.php?rest_route=\/wp\/v2\/product"}],"about":[{"href":"https:\/\/troncybois.com\/index.php?rest_route=\/wp\/v2\/types\/product"}],"replies":[{"embeddable":true,"href":"https:\/\/troncybois.com\/index.php?rest_route=%2Fwp%2Fv2%2Fcomments&post=8967"}],"version-history":[{"count":1,"href":"https:\/\/troncybois.com\/index.php?rest_route=\/wp\/v2\/product\/8967\/revisions"}],"predecessor-version":[{"id":9007,"href":"https:\/\/troncybois.com\/index.php?rest_route=\/wp\/v2\/product\/8967\/revisions\/9007"}],"wp:featuredmedia":[{"embeddable":true,"href":"https:\/\/troncybois.com\/index.php?rest_route=\/wp\/v2\/media\/9005"}],"wp:attachment":[{"href":"https:\/\/troncybois.com\/index.php?rest_route=%2Fwp%2Fv2%2Fmedia&parent=8967"}],"wp:term":[{"taxonomy":"product_brand","embeddable":true,"href":"https:\/\/troncybois.com\/index.php?rest_route=%2Fwp%2Fv2%2Fproduct_brand&post=8967"},{"taxonomy":"product_cat","embeddable":true,"href":"https:\/\/troncybois.com\/index.php?rest_route=%2Fwp%2Fv2%2Fproduct_cat&post=8967"},{"taxonomy":"product_tag","embeddable":true,"href":"https:\/\/troncybois.com\/index.php?rest_route=%2Fwp%2Fv2%2Fproduct_tag&post=8967"}],"curies":[{"name":"wp","href":"https:\/\/api.w.org\/{rel}","templated":true}]}}