{"id":13301,"date":"2023-05-30T16:06:14","date_gmt":"2023-05-30T14:06:14","guid":{"rendered":"https:\/\/antiquewhite-gerbil-448984.hostingersite.com\/?post_type=product&#038;p=13301"},"modified":"2023-05-31T16:48:48","modified_gmt":"2023-05-31T14:48:48","slug":"poele-a-granules-ventile-rond-evacalor-heidi-6-kw","status":"publish","type":"product","link":"https:\/\/troncybois.com\/?product=poele-a-granules-ventile-rond-evacalor-heidi-6-kw","title":{"rendered":"Po\u00eale \u00e0 granules ventil\u00e9 rond &#8211; EVACALOR Heidi 6 kW"},"content":{"rendered":"<div class=\"fiche-produit\">\n<p><strong>Le po\u00eale \u00e0 granules ventil\u00e9 rond Heidi 6 kW<\/strong> de la marque<strong> EVA CALOR<\/strong> poss\u00e8de un excellent rendement de 92 %. Ce po\u00eale \u00e0 pellets peut chauffer votre logement jusqu&rsquo;\u00e0 120 m3. Ce <strong>po\u00eale \u00e0 granul\u00e9s pas cher <\/strong>utilise des <strong>granul\u00e9s de bois<\/strong> comme source d\u2019\u00e9nergie, ce qui permet de chauffer rapidement et \u00e9conomiquement votre maison. Le mod\u00e8le de <strong>po\u00eale \u00e0 granul\u00e9s rond<\/strong> Heidi poss\u00e8de un ventilateur int\u00e9gr\u00e9 ce qui permets de diffuser la chaleur de mani\u00e8re rapide et homog\u00e8ne.<\/p>\n<h2>Informations cl\u00e9s sur le Po\u00eale \u00e0 granules ventil\u00e9 rond &#8211; EVA CALOR Heidi 6 kW<\/h2>\n<ul>\n<li>Rev\u00eatement en acier<\/li>\n<li>Fa\u00e7ade porte en verre s\u00e9rigraphi\u00e9 noir<\/li>\n<li>Ventilation frontale<\/li>\n<li>5 puissances de fonctionnement<\/li>\n<li>Afficheur avec menu dans 6 langues<\/li>\n<li>Tiroir \u00e0 cendres amovible<\/li>\n<li>Poign\u00e9e amovible<\/li>\n<li>Thermostat de s\u00e9curit\u00e9<\/li>\n<li>Pr\u00e9disposition pour thermostat ext\u00e9rieur<\/li>\n<li>Pressostat de s\u00e9curit\u00e9<\/li>\n<li>Chrono-thermostat<\/li>\n<li>\u00c9vacuation des fum\u00e9es : Arri\u00e8re<\/li>\n<\/ul>\n<h2>Caract\u00e9ristiques techniques du Po\u00eale \u00e0 granules ventil\u00e9 rond &#8211; EVA CALOR Heidi 6 kW<\/h2>\n<ul>\n<li>Puissance brul\u00e9e : Pmax 6.3 kW \/ Pmin 2.9 kW<\/li>\n<li>Puissance nominale : Pmax 5 kW \/ Pmin 2,5 kW<\/li>\n<li>Rendement : Pmax 87.5% \/ Pmin 92%<\/li>\n<li>CO \u00e9missions \u00e0 13% O2 : Pmax 0,019% \/ Pmin 0,024%<\/li>\n<li>Consommation de pellets : Pmax 1.3 kg\/h \/ Pmin 0,6 kg\/h<\/li>\n<li>Capacit\u00e9 du r\u00e9servoir : 10 kg<\/li>\n<li>Volume de chauffe : de 50 \u00e0 120 m3<\/li>\n<li>Tension \/ Fr\u00e9quence: 230 V \/ 50 Hz<\/li>\n<li>Puissance nominale \u00e9lectrique : 250 W<\/li>\n<li>Dimensions : L 413 x P 388 x H 910 mm<\/li>\n<li>Poids : 52 kg<\/li>\n<li>Classe \u00e9nerg\u00e9tique : A+<\/li>\n<li>Diam\u00e8tre d&rsquo;\u00e9vacuation des fum\u00e9es : 80mm<\/li>\n<li>Distance minimale des surfaces inflammables : c\u00f4t\u00e9 30cm \/ arri\u00e8re 25cm \/ avant 100cm<\/li>\n<li>Conforme aux normes : EN14785 &#8211; BImSchV II &#8211; 15a B-VG &#8211; LRV\/VKF<\/li>\n<\/ul>\n<h3>Sch\u00e9ma explicatif du Po\u00eale \u00e0 granules ventil\u00e9 rond &#8211; EVA CALOR Heidi 6 kW<\/h3>\n<p><img fetchpriority=\"high\" decoding=\"async\" src=\"https:\/\/www.poelediscount.com\/img\/cms\/Sch%C3%A9ma%20technique\/Heidi%20SCH.png\" alt=\"\" width=\"539\" height=\"517\" \/><\/p>\n<h3>Mode de fonctionnement du <strong>po\u00eale \u00e0 pellets ventil\u00e9 rond &#8211; EVA CALOR Heidi 6 kW<\/strong><\/h3>\n<ul>\n<li>Le syst\u00e8me <span style=\"text-decoration: underline;\">Eco-Stop (StandBy)<\/span> qui permet au <strong>po\u00eale \u00e0 granul\u00e9s<\/strong> de s&rsquo;\u00e9teindre une fois la temp\u00e9rature souhait\u00e9e atteinte et de red\u00e9marrer lorsque celle ci aura diminuer.<\/li>\n<li>Le syst\u00e8me <span style=\"text-decoration: underline;\">Modulation<\/span> qui permet au <strong>po\u00eale \u00e0 granules<\/strong> de fonctionner en continu afin d&rsquo;\u00e9viter les red\u00e9marrages, lorsque la temp\u00e9rature demand\u00e9e est atteinte celui ci va se r\u00e9guler automatiquement afin de diminuer sa puissance au minimum tout en maintenant la temp\u00e9rature.<\/li>\n<li>Le syst\u00e8me <span style=\"text-decoration: underline;\">Programmable<\/span> permettant de d\u00e9marrer et d&rsquo;\u00e9teindre le <strong>po\u00eale<\/strong> \u00e0 un moment pr\u00e9cis de la journ\u00e9e.<\/li>\n<\/ul>\n<p>Il faut savoir que tout les modes peuvent fonctionner ensemble, en m\u00eame temps.<\/p>\n<h3>Les diff\u00e9rents syst\u00e8mes du <strong>po\u00eale \u00e0 granul\u00e9s ventil\u00e9 rond &#8211; EVA CALOR Heidi 6 kW<\/strong><\/h3>\n<p><span style=\"text-decoration: underline;\">ECODESIGN 2022<\/span> : Ce produit r\u00e9pond aux crit\u00e8res du label Ecodesign 2022 qui \u00e9tablit les normes d&rsquo;un projet \u00e9co-compatible, ses m\u00e9thodes de calculs et d&rsquo;\u00e9valuation dans le but de r\u00e9duire les \u00e9missions dans l&rsquo;atmosph\u00e8re.<\/p>\n<p><span style=\"text-decoration: underline;\">CLASSIFICATION ENVIRONNEMENTALE<\/span> : Le produit est conforme aux normatives environnementales les plus strictes et classifi\u00e9 4 \u00e9toiles.<\/p>\n<p><span style=\"text-decoration: underline;\">SHU<\/span> : Le symbole SHU indique que le po\u00eale est pourvu d\u2019une poign\u00e9e amovible. C\u2019est une pr\u00e9caution de s\u00e9curit\u00e9 pour \u00e9viter l\u2019ouverture accidentelle et\/ou involontaire de la porte du foyer.<\/p>\n<p><strong>A propos du fabircant : Eva calor<\/strong> est une entreprise italienne sp\u00e9cialis\u00e9e dans la confection de produit de chauffe. Elle propose une large gamme de po\u00eales \u00e0 granul\u00e9s pas cher, inserts, cuisini\u00e8res, chaudi\u00e8res\u2026 \u00c9cologiquement responsable <strong>Eva calor<\/strong> fait subir tout un tas de test et de contr\u00f4les \u00e0 ses produits afin de garantir la fiabilit\u00e9 et la s\u00e9curit\u00e9.<\/p>\n<p>&nbsp;<\/p>\n<\/div>\n<p><strong style=\"font-family: var(--global-body-font-family);\"><u>Garantie<\/u>\u00a0:\u00a0<\/strong><span style=\"font-family: var(--global-body-font-family);\">Nous vous rappelons que pour la garantie, l&rsquo;installation doit \u00eatre conforme au mode d&#8217;emploi (pr\u00e9conisation du fabricant) et doit respecter les normes en vigueur du pays, pour la France DTU 24.1 ou 24.2.<\/span><\/p>\n<div>\n<p>De plus, comme pour tous les po\u00eales \u00e0 granul\u00e9s, les appareils sont \u00e0 r\u00e9gler en fonction du tirage naturel de l&rsquo;installation choisie.<\/p>\n<\/div>\n","protected":false},"excerpt":{"rendered":"<p id=\"product_reference\"><label>R\u00e9f\u00e9rence<\/label>\u00a0<span class=\"editable\">5432567876<\/span><\/p>\n<p id=\"product_condition\"><label>\u00c9tat :<\/label>\u00a0<span class=\"editable\">Neuf<\/span><\/p>\n<p id=\"product_ean13\"><label>Ean13:<\/label>\u00a08029728004703<\/p>\n<div id=\"short_description_block\">\n<div id=\"short_description_content\" class=\"rte align_justify\">\n<ul>\n<li>Marque EVA CALOR<\/li>\n<li>Garantie 2 ans pi\u00e8ces<\/li>\n<li>Fabriqu\u00e9 en Italie<\/li>\n<li>Programmable &#8211; Eco-stop (StandBy)<\/li>\n<li>Non \u00e9tanche : Zone 1<\/li>\n<li>\u00c9quivalence Flamme Verte 6*<\/li>\n<\/ul>\n<p><strong><span style=\"color: #218e53;\">D\u00e9lai de disponibilit\u00e9 : 5 \u00e0 12 jours<\/span><\/strong><\/p>\n<p><strong>LIVRAISON GRATUITE<\/strong> (Partout en Europe)<\/p>\n<\/div>\n<\/div>\n","protected":false},"featured_media":13361,"comment_status":"open","ping_status":"closed","template":"","meta":[],"product_brand":[],"product_cat":[116,113],"product_tag":[],"class_list":{"0":"post-13301","1":"product","2":"type-product","3":"status-publish","4":"has-post-thumbnail","6":"product_cat-poeles-a-granules-ventiles","7":"product_cat-poeles-granules","9":"first","10":"instock","11":"sale","12":"purchasable","13":"product-type-simple"},"jetpack_sharing_enabled":true,"_links":{"self":[{"href":"https:\/\/troncybois.com\/index.php?rest_route=\/wp\/v2\/product\/13301","targetHints":{"allow":["GET"]}}],"collection":[{"href":"https:\/\/troncybois.com\/index.php?rest_route=\/wp\/v2\/product"}],"about":[{"href":"https:\/\/troncybois.com\/index.php?rest_route=\/wp\/v2\/types\/product"}],"replies":[{"embeddable":true,"href":"https:\/\/troncybois.com\/index.php?rest_route=%2Fwp%2Fv2%2Fcomments&post=13301"}],"version-history":[{"count":1,"href":"https:\/\/troncybois.com\/index.php?rest_route=\/wp\/v2\/product\/13301\/revisions"}],"predecessor-version":[{"id":13371,"href":"https:\/\/troncybois.com\/index.php?rest_route=\/wp\/v2\/product\/13301\/revisions\/13371"}],"wp:featuredmedia":[{"embeddable":true,"href":"https:\/\/troncybois.com\/index.php?rest_route=\/wp\/v2\/media\/13361"}],"wp:attachment":[{"href":"https:\/\/troncybois.com\/index.php?rest_route=%2Fwp%2Fv2%2Fmedia&parent=13301"}],"wp:term":[{"taxonomy":"product_brand","embeddable":true,"href":"https:\/\/troncybois.com\/index.php?rest_route=%2Fwp%2Fv2%2Fproduct_brand&post=13301"},{"taxonomy":"product_cat","embeddable":true,"href":"https:\/\/troncybois.com\/index.php?rest_route=%2Fwp%2Fv2%2Fproduct_cat&post=13301"},{"taxonomy":"product_tag","embeddable":true,"href":"https:\/\/troncybois.com\/index.php?rest_route=%2Fwp%2Fv2%2Fproduct_tag&post=13301"}],"curies":[{"name":"wp","href":"https:\/\/api.w.org\/{rel}","templated":true}]}}