{"id":12524,"date":"2023-05-30T15:52:16","date_gmt":"2023-05-30T13:52:16","guid":{"rendered":"https:\/\/antiquewhite-gerbil-448984.hostingersite.com\/?post_type=product&#038;p=12524"},"modified":"2024-05-29T19:22:42","modified_gmt":"2024-05-29T17:22:42","slug":"poele-a-granules-canalisable-ventile-lincar-erica-11-kw","status":"publish","type":"product","link":"https:\/\/troncybois.com\/?product=poele-a-granules-canalisable-ventile-lincar-erica-11-kw","title":{"rendered":"Po\u00eale \u00e0 granules canalisable ventil\u00e9 &#8211; LINCAR Erica 11 kW"},"content":{"rendered":"<div class=\"fiche-produit\">\n<p><strong>Le po\u00eale \u00e0 granules canalisable ventil\u00e9 Erica <\/strong>poss\u00e8de une puissance nominale de 9.5 kW. Ce po\u00eale \u00e0 granul\u00e9s de la marque<strong> LINCAR <\/strong>peut chauffer une pi\u00e8ce jusqu&rsquo;\u00e0 250 m3. Ce po\u00eale \u00e0 granul\u00e9s canalisable n&rsquo;est pas \u00e9tanche est sera obligatoirement install\u00e9e en ZONE 1 (d\u00e9passement du fa\u00eetage de 40cm).<\/p>\n<h2>Informations cl\u00e9s sur le Po\u00eale \u00e0 granules canalisable ventil\u00e9 &#8211; LINCAR Erica 11 kW<\/h2>\n<ul>\n<li>Rev\u00eatement en acier<\/li>\n<li>Couvercle en fa\u00efence<\/li>\n<li>Brasier en fonte<\/li>\n<li>Vitroc\u00e9ramique double vitre<\/li>\n<li>Ventilation frontale<\/li>\n<li>Panneau de commande digitale<\/li>\n<li>1 canalisation avec moteur d\u00e9di\u00e9, jusqu&rsquo;\u00e0 6 m\u00e8tres de port\u00e9e<\/li>\n<li>Sorties des fum\u00e9es : Sup\u00e9rieur \/ Arri\u00e8re<\/li>\n<li>Sortie canalisable : Arri\u00e8re<\/li>\n<li>T\u00e9l\u00e9commande : OPTION<\/li>\n<li>Module WIFI\u00a0: OPTION<\/li>\n<\/ul>\n<h2>Caract\u00e9ristiques techniques du Po\u00eale \u00e0 granules canalisable ventil\u00e9 &#8211; LINCAR Erica 11 kW<\/h2>\n<ul>\n<li><!--StartFragment-->Puissance br\u00fbl\u00e9e : Pmin 4.2 kW \/ Pmax 10.8 kW<\/li>\n<li>Puissance nominale :<!--StartFragment--> Pmin 3.9 kW \/ Pmax 9.5 kW<\/li>\n<li><!--EndFragment-->Rendement : min 87.7 \/ max 93 %<\/li>\n<li>Poids : 93 kg<\/li>\n<li>Consommation : de 0.6 \u00e0 1.9 kg\/h<\/li>\n<li>Volume de chauffe : 250 m3<\/li>\n<li>Capacit\u00e9 du r\u00e9servoir : 13 kg<\/li>\n<li>Classe \u00e9nerg\u00e9tique : A+<\/li>\n<li>Diam\u00e8tre sortie des fum\u00e9es : 80 mm<\/li>\n<li>Diam\u00e8tre sortie canalisation : 80 mm<\/li>\n<li>Diam\u00e8tre arriv\u00e9e d&rsquo;air : 50 mm<\/li>\n<li>Dimensions : L 545 x P 550 x H 1000 mm<\/li>\n<\/ul>\n<h2>Sch\u00e9ma explicatif du Po\u00eale \u00e0 granules canalisable ventil\u00e9 &#8211; LINCAR Erica 11 kW<\/h2>\n<p><img fetchpriority=\"high\" decoding=\"async\" src=\"https:\/\/www.poelediscount.com\/img\/cms\/Sch%C3%A9ma%20technique\/LINDA%20CANA.png\" alt=\"Sch\u00e9ma technique po\u00eale \u00e0 granul\u00e9s Linda canalisable\" width=\"780\" height=\"470\" \/><\/p>\n<h3>Mode de fonctionnement du <strong>po\u00eale \u00e0 pellets canalisable ventil\u00e9 &#8211; <\/strong>LINCAR Erica 11 kW<\/h3>\n<ul>\n<li>Le syst\u00e8me <span style=\"text-decoration: underline;\">Eco-Stop (StandBy)<\/span> qui permet au <strong>po\u00eale \u00e0 granul\u00e9s<\/strong> de s&rsquo;\u00e9teindre une fois la temp\u00e9rature souhait\u00e9e atteinte et de red\u00e9marrer lorsque celle ci aura diminuer.<\/li>\n<li>Le syst\u00e8me <span style=\"text-decoration: underline;\">Modulation<\/span> qui permet au <strong>po\u00eale \u00e0 granul\u00e9s<\/strong> de fonctionner en continu afin d&rsquo;\u00e9viter les red\u00e9marrages, lorsque la temp\u00e9rature demand\u00e9e est atteinte celui ci va se r\u00e9guler automatiquement afin de diminuer sa puissance au minimum tout en maintenant la temp\u00e9rature.<\/li>\n<li>Le syst\u00e8me <span style=\"text-decoration: underline;\">Programmable<\/span> permettant de d\u00e9marrer et d&rsquo;\u00e9teindre l&rsquo;appareil de chauffage \u00e0 un moment pr\u00e9cis de la journ\u00e9e.<\/li>\n<\/ul>\n<p>Il faut savoir que tout les modes peuvent fonctionner ensemble, en m\u00eame temps.<\/p>\n<p><strong>A propos du fabricant :\u00a0<\/strong>Depuis plus de 50 ans, la marque <strong>LINCAR<\/strong> r\u00e9alise des produits fiables, de haute technologie. Engag\u00e9e \u00e9cologiquement, cette marque vous propose une large gamme design avec des mat\u00e9riaux innovants, plus respectueux de l&rsquo;environnement en ayant comme point d&rsquo;honneur la s\u00e9curit\u00e9.<\/p>\n<\/div>\n<p>&nbsp;<\/p>\n<div>\n<p><strong><u>Garantie<\/u>\u00a0:\u00a0<\/strong>Nous vous rappelons que pour la garantie, l&rsquo;installation doit \u00eatre conforme au mode d&#8217;emploi (pr\u00e9conisation du fabricant) et doit respecter les normes en vigueur du pays, pour la France DTU 24.1 ou 24.2.<br \/>\nDe plus, comme pour tous les po\u00eales \u00e0 granul\u00e9s, les appareils sont \u00e0 r\u00e9gler en fonction du tirage naturel de l&rsquo;installation choisie.<\/p>\n<\/div>\n<div class=\"row\" style=\"padding-top: 20px;\">\n<div class=\"col-xs-12 col-sm-12 col-md-12 col-lg-4\" style=\"text-align: center; padding: 15px 2px 25px 2px;\">Questions fr\u00e9quentes<\/div>\n<div class=\"col-xs-12 col-sm-12 col-md-12 col-lg-4\" style=\"text-align: center; padding: 15px 2px 25px 2px;\">Quelle puissance choisir ?<\/div>\n<div class=\"col-xs-12 col-sm-12 col-md-12 col-lg-4\" style=\"text-align: center; padding: 15px 2px 25px 2px;\">Livraison<\/div>\n<\/div>\n","protected":false},"excerpt":{"rendered":"<p id=\"product_reference\"><label>R\u00e9f\u00e9rence <\/label><br \/>\n<span class=\"editable\">AZERTY4102<\/span><\/p>\n<p id=\"product_condition\"><label>\u00c9tat : <\/label><br \/>\n<span class=\"editable\">Neuf<\/span><\/p>\n<div id=\"short_description_block\">\n<div id=\"short_description_content\" class=\"rte align_justify\">\n<ul>\n<li>Marque LINCAR<\/li>\n<li>Fabriqu\u00e9 en Italie<\/li>\n<li>Garantie 2 ans pi\u00e8ces<\/li>\n<li>EcoDesign 2022<\/li>\n<li>Non \u00e9tanche : Zone 1<\/li>\n<\/ul>\n<p><strong><span style=\"color: #218e53;\">D\u00e9lai de disponibilit\u00e9 : 5 \u00e0 12 jours<\/span><\/strong><\/p>\n<p><span style=\"text-decoration: underline;\"><strong>LIVRAISON GRATUITE<\/strong><\/span> (Partout en Europe)<\/p>\n<\/div>\n<\/div>\n","protected":false},"featured_media":12574,"comment_status":"open","ping_status":"closed","template":"","meta":[],"product_brand":[],"product_cat":[113],"product_tag":[],"class_list":{"0":"post-12524","1":"product","2":"type-product","3":"status-publish","4":"has-post-thumbnail","6":"product_cat-poeles-granules","8":"first","9":"instock","10":"sale","11":"purchasable","12":"product-type-simple"},"jetpack_sharing_enabled":true,"_links":{"self":[{"href":"https:\/\/troncybois.com\/index.php?rest_route=\/wp\/v2\/product\/12524","targetHints":{"allow":["GET"]}}],"collection":[{"href":"https:\/\/troncybois.com\/index.php?rest_route=\/wp\/v2\/product"}],"about":[{"href":"https:\/\/troncybois.com\/index.php?rest_route=\/wp\/v2\/types\/product"}],"replies":[{"embeddable":true,"href":"https:\/\/troncybois.com\/index.php?rest_route=%2Fwp%2Fv2%2Fcomments&post=12524"}],"version-history":[{"count":1,"href":"https:\/\/troncybois.com\/index.php?rest_route=\/wp\/v2\/product\/12524\/revisions"}],"predecessor-version":[{"id":12582,"href":"https:\/\/troncybois.com\/index.php?rest_route=\/wp\/v2\/product\/12524\/revisions\/12582"}],"wp:featuredmedia":[{"embeddable":true,"href":"https:\/\/troncybois.com\/index.php?rest_route=\/wp\/v2\/media\/12574"}],"wp:attachment":[{"href":"https:\/\/troncybois.com\/index.php?rest_route=%2Fwp%2Fv2%2Fmedia&parent=12524"}],"wp:term":[{"taxonomy":"product_brand","embeddable":true,"href":"https:\/\/troncybois.com\/index.php?rest_route=%2Fwp%2Fv2%2Fproduct_brand&post=12524"},{"taxonomy":"product_cat","embeddable":true,"href":"https:\/\/troncybois.com\/index.php?rest_route=%2Fwp%2Fv2%2Fproduct_cat&post=12524"},{"taxonomy":"product_tag","embeddable":true,"href":"https:\/\/troncybois.com\/index.php?rest_route=%2Fwp%2Fv2%2Fproduct_tag&post=12524"}],"curies":[{"name":"wp","href":"https:\/\/api.w.org\/{rel}","templated":true}]}}