{"id":12216,"date":"2023-05-30T15:46:22","date_gmt":"2023-05-30T13:46:22","guid":{"rendered":"https:\/\/antiquewhite-gerbil-448984.hostingersite.com\/?post_type=product&#038;p=12216"},"modified":"2023-05-31T16:49:05","modified_gmt":"2023-05-31T14:49:05","slug":"poele-a-granules-ventile-etanche-extraflame-ilary-8-kw","status":"publish","type":"product","link":"https:\/\/troncybois.com\/?product=poele-a-granules-ventile-etanche-extraflame-ilary-8-kw","title":{"rendered":"Po\u00eale \u00e0 granul\u00e9s ventil\u00e9 \u00e9tanche  &#8211; EXTRAFLAME Ilary 8 kW"},"content":{"rendered":"<div class=\"fiche-produit\">\n<p><strong>Le po\u00eale \u00e0 granul\u00e9s ventil\u00e9 \u00e9tanche Ilary <\/strong>de la marque<strong> EXTRAFLAME<\/strong> poss\u00e8de une puissance nominale de 8 kW. Ce <strong>po\u00eale \u00e0 granul\u00e9s<\/strong> poss\u00e8de un wifi int\u00e9gr\u00e9 de s\u00e9rie ce qui vous permettra de pouvoir acc\u00e9der \u00e0 toutes les fonctionnalit\u00e9s de l&rsquo;appareil \u00e0 distance ! Avec son r\u00e9servoir d&rsquo;une capacit\u00e9 de 15 kg et gr\u00e2ce \u00e0 son ventilateur frontal int\u00e9gr\u00e9, cet appareil diffuse la chaleur de fa\u00e7on rapide et homog\u00e8ne.<\/p>\n<p>Ce <strong>po\u00eale \u00e0 pellets est \u00e9tanche<\/strong> et permet une installation en sortie ventouse\/fa\u00e7ade, sortie toiture ou en sortie toiture \u00e0 plus de 40 cm du fa\u00eetage.<\/p>\n<h2>Informations cl\u00e9s sur le Po\u00eale \u00e0 granules<strong> ventil\u00e9<\/strong> \u00e9tanche &#8211; EXTRAFLAME Ilary 8 kW<\/h2>\n<ul>\n<li>Rev\u00eatement en acier<\/li>\n<li>Porte coupe-feu<\/li>\n<li>Double vitre c\u00e9ramique<\/li>\n<li>Foyer et brasier en fonte<\/li>\n<li>Pr\u00e9disposition pour le thermostat ext\u00e9rieur<\/li>\n<li>R\u00e9-allumage automatique apr\u00e8s coupure de courant<\/li>\n<li>Ventilation frontale avec fonction ProAir Setup<\/li>\n<li>\u00c9vacuation des fum\u00e9es : Arri\u00e8re<\/li>\n<li>T\u00e9l\u00e9commande tactile avec fonction thermostat\u00a0: INCLUS<\/li>\n<li>Module WIFI : INCLUS<\/li>\n<li>Sonde Radio\u00a0: OPTION<\/li>\n<\/ul>\n<h2>Caract\u00e9ristiques techniques du Po\u00eale \u00e0 granules<strong> ventil\u00e9<\/strong> \u00e9tanche &#8211; EXTRAFLAME Ilary 8 kW<\/h2>\n<ul>\n<li>Puissance nominale : Pmin 2.5 \/ Pmax 8 kW<\/li>\n<li><span style=\"background-color: #ffffff;\">Puissance br\u00fbl\u00e9e : Pmin 2.6\u00a0 \/ Pmax 8.7 kW<\/span><\/li>\n<li>Volume de chauffe : 230 m3<\/li>\n<li>Dimensions : L 501 x H 1007 x P 558 mm<\/li>\n<li>Poids : 101 kg<\/li>\n<li>Rendement : min 91.5 \/ max 94.7 %<\/li>\n<li>Consommation : de 0.5 \u00e0 1.8 kg\/h<\/li>\n<li>Capacit\u00e9 du r\u00e9servoir : 15 kg<\/li>\n<li>Diam\u00e8tre sortie de fum\u00e9es : 80 mm<\/li>\n<li><span style=\"background-color: #ffffff;\">Diam\u00e8tre arriv\u00e9e d&rsquo;air : 50 mm<\/span><\/li>\n<li>Classe \u00e9nerg\u00e9tique : A+<\/li>\n<\/ul>\n<h3>Sch\u00e9ma explicatif du Po\u00eale \u00e0 granules<strong> ventil\u00e9<\/strong> \u00e9tanche &#8211; EXTRAFLAME Ilary 8 kW<\/h3>\n<p>Cliquez sur le lien suivant pour retrouver le Manuel Utilisateur : T\u00c9L\u00c9CHARGER LE MANUEL<\/p>\n<p><img fetchpriority=\"high\" decoding=\"async\" src=\"https:\/\/www.poelediscount.com\/img\/cms\/Sch%C3%A9ma%20technique\/PO%C3%8ALES%20EXTRAFLAME\/techIlaryre.png\" alt=\"Sch\u00e9ma technique Ilary extraflame\" width=\"1142\" height=\"392\" \/><\/p>\n<h3>Mode de fonctionnement du Po\u00eale \u00e0 granules<strong> ventil\u00e9<\/strong> \u00e9tanche &#8211; EXTRAFLAME Ilary 8 kW<\/h3>\n<ul>\n<li>Le syst\u00e8me <span style=\"text-decoration: underline;\">Eco-Stop (StandBy)<\/span> qui permet au <strong>po\u00eale \u00e0 granul\u00e9s<\/strong> de s&rsquo;\u00e9teindre une fois la temp\u00e9rature souhait\u00e9e atteinte et de red\u00e9marrer lorsque celle ci aura diminuer.<\/li>\n<li>Le syst\u00e8me <span style=\"text-decoration: underline;\">Modulation<\/span> qui permet au <strong>po\u00eale \u00e0 granules<\/strong> de fonctionner en continu afin d&rsquo;\u00e9viter les red\u00e9marrages, lorsque la temp\u00e9rature demand\u00e9e est atteinte celui ci va se r\u00e9guler automatiquement afin de diminuer sa puissance au minimum tout en maintenant la temp\u00e9rature.<\/li>\n<li>Le syst\u00e8me <span style=\"text-decoration: underline;\">Programmable<\/span> permettant de d\u00e9marrer et d&rsquo;\u00e9teindre le <strong>po\u00eale<\/strong> \u00e0 un moment pr\u00e9cis de la journ\u00e9e.<\/li>\n<\/ul>\n<p>Il faut savoir que tout les modes peuvent fonctionner ensemble, en m\u00eame temps.<\/p>\n<h3>Les diff\u00e9rents syst\u00e8mes du Po\u00eale \u00e0 granules<strong> ventil\u00e9<\/strong> \u00e9tanche &#8211; EXTRAFLAME Ilary 8 kW<\/h3>\n<p><img decoding=\"async\" src=\"https:\/\/www.poelediscount.com\/img\/cms\/Sch%C3%A9ma%20technique\/LOGOS%20syst%C3%A8mes%20Nordica%20Extraflame\/Ilary_Syst%C3%A8mes.png\" alt=\"Syst\u00e8mes du Ilary Extraflamme\" width=\"1833\" height=\"200\" \/><\/p>\n<p><strong>A propos du fabricant : Extraflame<\/strong> est sp\u00e9cialis\u00e9e dans la conception, le d\u00e9veloppement et de la production des po\u00eales \u00e0 pellets. Elle propose le meilleur du made in Italy ! Avec des produits innovants et technologiques qui s\u2019adaptent \u00e0 tout types de besoins.<\/p>\n<\/div>\n<p>&nbsp;<\/p>\n<div>\n<p><strong><u>Garantie<\/u>\u00a0:\u00a0<\/strong>Nous vous rappelons que pour la garantie, l&rsquo;installation doit \u00eatre conforme au mode d&#8217;emploi (pr\u00e9conisation du fabricant) et doit respecter les normes en vigueur du pays, pour la France DTU 24.1 ou 24.2.<br \/>\nDe plus, comme pour tous les po\u00eales \u00e0 granul\u00e9s, les appareils sont \u00e0 r\u00e9gler en fonction du tirage naturel de l&rsquo;installation choisie.<\/p>\n<p class=\"fiche-produit\">Les r\u00e9glages et la mise en service de ce produit doivent \u00eatre effectu\u00e9s par un professionnel agr\u00e9\u00e9 CAT La Nordica-Extraflame, le listing se trouve ici : https:\/\/www.lanordica-extraflame.com\/fr\/cat\/services-apres-vente.<br \/>\nPensez \u00e0 v\u00e9rifier la disponibilit\u00e9 d&rsquo;un professionnel pr\u00e8s de chez vous.<\/p>\n<\/div>\n<div class=\"row\" style=\"padding-top: 20px;\">\n<div class=\"col-xs-12 col-sm-12 col-md-12 col-lg-4\" style=\"text-align: center; padding: 15px 2px 25px 2px;\">Questions fr\u00e9quentes<\/div>\n<div class=\"col-xs-12 col-sm-12 col-md-12 col-lg-4\" style=\"text-align: center; padding: 15px 2px 25px 2px;\">Quelle puissance choisir ?<\/div>\n<div class=\"col-xs-12 col-sm-12 col-md-12 col-lg-4\" style=\"text-align: center; padding: 15px 2px 25px 2px;\">Livraison<\/div>\n<\/div>\n","protected":false},"excerpt":{"rendered":"<p id=\"product_reference\"><label>R\u00e9f\u00e9rence <\/label><br \/>\n<span class=\"editable\">1285900<\/span><\/p>\n<p id=\"product_condition\"><label>\u00c9tat : <\/label><br \/>\n<span class=\"editable\">Neuf<\/span><\/p>\n<div id=\"short_description_block\">\n<div id=\"short_description_content\" class=\"rte align_justify\">\n<ul>\n<li>Marque EXTRAFLAME<\/li>\n<li>Garantie 2 ans pi\u00e8ces<\/li>\n<li>Fabriqu\u00e9 en Italie<\/li>\n<li>Programmable &#8211; Eco-stop (StandBy)<\/li>\n<li>\u00c9tanche : Zone 1,2,3<\/li>\n<li>Flamme Verte<\/li>\n<li>EcoDesign 2022<\/li>\n<\/ul>\n<p><strong><span style=\"color: #218e53;\">D\u00e9lai de disponibilit\u00e9 : 5 \u00e0 12 jours<\/span><\/strong><\/p>\n<p><span style=\"text-decoration: underline;\"><strong>LIVRAISON GRATUITE<\/strong><\/span> (Partout en Europe)<\/p>\n<\/div>\n<\/div>\n","protected":false},"featured_media":12261,"comment_status":"open","ping_status":"closed","template":"","meta":[],"product_brand":[],"product_cat":[113],"product_tag":[],"class_list":{"0":"post-12216","1":"product","2":"type-product","3":"status-publish","4":"has-post-thumbnail","6":"product_cat-poeles-granules","8":"first","9":"instock","10":"sale","11":"purchasable","12":"product-type-simple"},"jetpack_sharing_enabled":true,"_links":{"self":[{"href":"https:\/\/troncybois.com\/index.php?rest_route=\/wp\/v2\/product\/12216","targetHints":{"allow":["GET"]}}],"collection":[{"href":"https:\/\/troncybois.com\/index.php?rest_route=\/wp\/v2\/product"}],"about":[{"href":"https:\/\/troncybois.com\/index.php?rest_route=\/wp\/v2\/types\/product"}],"replies":[{"embeddable":true,"href":"https:\/\/troncybois.com\/index.php?rest_route=%2Fwp%2Fv2%2Fcomments&post=12216"}],"version-history":[{"count":1,"href":"https:\/\/troncybois.com\/index.php?rest_route=\/wp\/v2\/product\/12216\/revisions"}],"predecessor-version":[{"id":12270,"href":"https:\/\/troncybois.com\/index.php?rest_route=\/wp\/v2\/product\/12216\/revisions\/12270"}],"wp:featuredmedia":[{"embeddable":true,"href":"https:\/\/troncybois.com\/index.php?rest_route=\/wp\/v2\/media\/12261"}],"wp:attachment":[{"href":"https:\/\/troncybois.com\/index.php?rest_route=%2Fwp%2Fv2%2Fmedia&parent=12216"}],"wp:term":[{"taxonomy":"product_brand","embeddable":true,"href":"https:\/\/troncybois.com\/index.php?rest_route=%2Fwp%2Fv2%2Fproduct_brand&post=12216"},{"taxonomy":"product_cat","embeddable":true,"href":"https:\/\/troncybois.com\/index.php?rest_route=%2Fwp%2Fv2%2Fproduct_cat&post=12216"},{"taxonomy":"product_tag","embeddable":true,"href":"https:\/\/troncybois.com\/index.php?rest_route=%2Fwp%2Fv2%2Fproduct_tag&post=12216"}],"curies":[{"name":"wp","href":"https:\/\/api.w.org\/{rel}","templated":true}]}}