{"id":12214,"date":"2023-05-30T15:46:21","date_gmt":"2023-05-30T13:46:21","guid":{"rendered":"https:\/\/antiquewhite-gerbil-448984.hostingersite.com\/?post_type=product&#038;p=12214"},"modified":"2023-05-31T16:49:05","modified_gmt":"2023-05-31T14:49:05","slug":"poele-a-granules-ventile-canalisable-lincar-windy-13-kw","status":"publish","type":"product","link":"https:\/\/troncybois.com\/?product=poele-a-granules-ventile-canalisable-lincar-windy-13-kw","title":{"rendered":"Po\u00eale \u00e0 granules ventil\u00e9 canalisable &#8211; LINCAR Windy 13 kW"},"content":{"rendered":"<div class=\"fiche-produit\">\n<p><strong>Le po\u00eale \u00e0 granules ventil\u00e9 canalisable Windy 13<\/strong> <strong>kW<\/strong> de la marque<strong> LINCAR<\/strong> peut chauffer une pi\u00e8ce jusqu&rsquo;\u00e0 335 m3. Avec son r\u00e9servoir d&rsquo;une capacit\u00e9 de 30 kg et gr\u00e2ce \u00e0 ses 3 ventilateurs int\u00e9gr\u00e9, ce po\u00eale diffuse la chaleur de mani\u00e8re homog\u00e8ne en vous promettant une chaleur durable et confortable. Ce <strong>po\u00eale \u00e0 granules ventil\u00e9<\/strong> permet aussi de diminuer la consommation d&rsquo;\u00e9nergie.<\/p>\n<p>Avec son design moderne et exclusif, ce po\u00eale \u00e0 pellets s&rsquo;adapte facilement \u00e0 votre int\u00e9rieur. Il offre d&rsquo;excellentes prestations en termes de rendement, gr\u00e2ce \u00e0 sa structure herm\u00e9tique, qui optimise la diffusion de la chaleur et permet de chauffer m\u00eame des lieux ferm\u00e9s, comme des chambres \u00e0 coucher, studios ou salles de bain.<\/p>\n<h2>Informations cl\u00e9s sur le Po\u00eale \u00e0 granules ventil\u00e9 canalisable &#8211; LINCAR Windy 13 kW<\/h2>\n<ul>\n<li>Rev\u00eatement en acier<\/li>\n<li>Brasier en fonte<\/li>\n<li>Syst\u00e8me de nettoyage automatique du brasier<\/li>\n<li>Foyer en acier et en fonte<\/li>\n<li>Vitroc\u00e9ramique<\/li>\n<li>Ventilation frontale<\/li>\n<li>Vitroc\u00e9ramique<\/li>\n<li>2 sorties canalisables avec chacune un ventilateur d\u00e9di\u00e9<\/li>\n<li>Sorties des fum\u00e9es : Arri\u00e8re<\/li>\n<li>T\u00e9l\u00e9commande : INCLUSE<\/li>\n<\/ul>\n<h2>Caract\u00e9ristiques techniques du Po\u00eale \u00e0 granules ventil\u00e9 canalisable &#8211; LINCAR Windy 13 kW<\/h2>\n<ul>\n<li>Puissance br\u00fbl\u00e9e : Pmin 4.9 \/ Pmax 13.2 kW<\/li>\n<li>Puissance nominale : Pmin 4.5 \/ Pmax 11.6 kW<\/li>\n<li>Rendement : min 87.3 \/ max 91.5 %<\/li>\n<li>Classe \u00e9nerg\u00e9tique : A+<\/li>\n<li>Poids : 120 kg<\/li>\n<li>Ventilateurs d&rsquo;air chaud : 3<\/li>\n<li>Volume de chauffe : 305 m3<\/li>\n<li>Capacit\u00e9 du r\u00e9servoir : 30 kg<\/li>\n<li>Diam\u00e8tre entr\u00e9e d&rsquo;air : 42 mm<\/li>\n<li>Diam\u00e8tre sortie des fum\u00e9es : 80 mm<\/li>\n<li>Diam\u00e8tre syst\u00e8me canalisable : 80 mm<\/li>\n<li>Dimensions : L 610 x P 600 x H 1125 mm<\/li>\n<li>Consommation : de 1 \u00e0 2.7 kg\/h<\/li>\n<\/ul>\n<h3>Sch\u00e9ma explicatif du Po\u00eale \u00e0 granules ventil\u00e9 canalisable &#8211; LINCAR Windy 13 kW<\/h3>\n<p><img fetchpriority=\"high\" decoding=\"async\" src=\"https:\/\/www.poelediscount.com\/img\/cms\/Sch%C3%A9ma%20technique\/TECH%20WINDY%20lincar.png\" alt=\"Sch\u00e9ma technique LINCAR Windy\" width=\"1303\" height=\"384\" \/><\/p>\n<h3>Mode de fonctionnement du <strong>po\u00eale \u00e0 pellets ventil\u00e9 <\/strong>canalisable &#8211; LINCAR Windy 13 kW<\/h3>\n<ul>\n<li>Le syst\u00e8me <span style=\"text-decoration: underline;\">Eco-Stop (StandBy)<\/span> qui permet au <strong>po\u00eale \u00e0 granul\u00e9s<\/strong> de s&rsquo;\u00e9teindre une fois la temp\u00e9rature souhait\u00e9e atteinte et de red\u00e9marrer lorsque celle ci aura diminuer.<\/li>\n<li>Le syst\u00e8me <span style=\"text-decoration: underline;\">Modulation<\/span> qui permet au <strong>po\u00eale \u00e0 granules<\/strong> de fonctionner en continu afin d&rsquo;\u00e9viter les red\u00e9marrages, lorsque la temp\u00e9rature demand\u00e9e est atteinte celui ci va se r\u00e9guler automatiquement afin de diminuer sa puissance au minimum tout en maintenant la temp\u00e9rature.<\/li>\n<li>Le syst\u00e8me <span style=\"text-decoration: underline;\">Programmable<\/span> permettant de d\u00e9marrer et d&rsquo;\u00e9teindre le <strong>po\u00eale \u00e0 pellets<\/strong> \u00e0 un moment pr\u00e9cis de la journ\u00e9e.<\/li>\n<\/ul>\n<p>Il faut savoir que tout les modes peuvent fonctionner ensemble, en m\u00eame temps.<\/p>\n<p><strong>A propos du fabricant :<\/strong> Depuis plus de 50 ans, la marque LINCAR r\u00e9alise des produits fiables, de haute technologie. Engag\u00e9e \u00e9cologiquement, cette marque vous propose une large gamme design avec des mat\u00e9riaux innovants, plus respectueux de l&rsquo;environnement en ayant comme point d&rsquo;honneur la s\u00e9curit\u00e9.<\/p>\n<\/div>\n<p>&nbsp;<\/p>\n<div>\n<p><strong><u>Garantie<\/u>\u00a0:\u00a0<\/strong>Nous vous rappelons que pour la garantie, l&rsquo;installation doit \u00eatre conforme au mode d&#8217;emploi (pr\u00e9conisation du fabricant) et doit respecter les normes en vigueur du pays, pour la France DTU 24.1 ou 24.2.<br \/>\nDe plus, comme pour tous les po\u00eales \u00e0 granul\u00e9s, les appareils sont \u00e0 r\u00e9gler en fonction du tirage naturel de l&rsquo;installation choisie.<\/p>\n<\/div>\n<div class=\"row\" style=\"padding-top: 20px;\">\n<div class=\"col-xs-12 col-sm-12 col-md-12 col-lg-4\" style=\"text-align: center; padding: 15px 2px 25px 2px;\">Questions fr\u00e9quentes<\/div>\n<div class=\"col-xs-12 col-sm-12 col-md-12 col-lg-4\" style=\"text-align: center; padding: 15px 2px 25px 2px;\">Quelle puissance choisir ?<\/div>\n<div class=\"col-xs-12 col-sm-12 col-md-12 col-lg-4\" style=\"text-align: center; padding: 15px 2px 25px 2px;\">Livraison<\/div>\n<\/div>\n","protected":false},"excerpt":{"rendered":"<p id=\"product_reference\"><label>R\u00e9f\u00e9rence <\/label><br \/>\n<span class=\"editable\">AQ0178952<\/span><\/p>\n<p id=\"product_condition\"><label>\u00c9tat : <\/label><br \/>\n<span class=\"editable\">Neuf<\/span><\/p>\n<p id=\"product_ean13\"><label>Ean13: <\/label><br \/>\n8020034705452<\/p>\n<div id=\"short_description_block\">\n<div id=\"short_description_content\" class=\"rte align_justify\">\n<ul>\n<li>Marque LINCAR<\/li>\n<li>Garantie 2 en pi\u00e8ces<\/li>\n<li>Fabriqu\u00e9 en Italie<\/li>\n<li>Programmable &#8211; Eco-stop (StandBy)<\/li>\n<li>EcoDesign 2022<\/li>\n<li>Non \u00e9tanche : Zone 1<\/li>\n<\/ul>\n<p><strong><span style=\"color: #218e53;\">D\u00e9lai de disponibilit\u00e9 : 5 \u00e0 12 jours<\/span><\/strong><\/p>\n<p><span style=\"text-decoration: underline;\"><strong>LIVRAISON GRATUITE<\/strong><\/span> (Partout en Europe)<\/p>\n<p id=\"availability_date\" style=\"display: none;\"><span id=\"availability_label\" style=\"color: #d0121a; font-weight: bold; text-transform: uppercase;\"><u>Disponible le<\/u>\u00a0:<\/span><\/p>\n<\/div>\n<\/div>\n","protected":false},"featured_media":12252,"comment_status":"open","ping_status":"closed","template":"","meta":[],"product_brand":[],"product_cat":[113],"product_tag":[],"class_list":{"0":"post-12214","1":"product","2":"type-product","3":"status-publish","4":"has-post-thumbnail","6":"product_cat-poeles-granules","8":"first","9":"instock","10":"sale","11":"purchasable","12":"product-type-simple"},"jetpack_sharing_enabled":true,"_links":{"self":[{"href":"https:\/\/troncybois.com\/index.php?rest_route=\/wp\/v2\/product\/12214","targetHints":{"allow":["GET"]}}],"collection":[{"href":"https:\/\/troncybois.com\/index.php?rest_route=\/wp\/v2\/product"}],"about":[{"href":"https:\/\/troncybois.com\/index.php?rest_route=\/wp\/v2\/types\/product"}],"replies":[{"embeddable":true,"href":"https:\/\/troncybois.com\/index.php?rest_route=%2Fwp%2Fv2%2Fcomments&post=12214"}],"version-history":[{"count":1,"href":"https:\/\/troncybois.com\/index.php?rest_route=\/wp\/v2\/product\/12214\/revisions"}],"predecessor-version":[{"id":12257,"href":"https:\/\/troncybois.com\/index.php?rest_route=\/wp\/v2\/product\/12214\/revisions\/12257"}],"wp:featuredmedia":[{"embeddable":true,"href":"https:\/\/troncybois.com\/index.php?rest_route=\/wp\/v2\/media\/12252"}],"wp:attachment":[{"href":"https:\/\/troncybois.com\/index.php?rest_route=%2Fwp%2Fv2%2Fmedia&parent=12214"}],"wp:term":[{"taxonomy":"product_brand","embeddable":true,"href":"https:\/\/troncybois.com\/index.php?rest_route=%2Fwp%2Fv2%2Fproduct_brand&post=12214"},{"taxonomy":"product_cat","embeddable":true,"href":"https:\/\/troncybois.com\/index.php?rest_route=%2Fwp%2Fv2%2Fproduct_cat&post=12214"},{"taxonomy":"product_tag","embeddable":true,"href":"https:\/\/troncybois.com\/index.php?rest_route=%2Fwp%2Fv2%2Fproduct_tag&post=12214"}],"curies":[{"name":"wp","href":"https:\/\/api.w.org\/{rel}","templated":true}]}}