{"id":12127,"date":"2023-05-30T15:44:48","date_gmt":"2023-05-30T13:44:48","guid":{"rendered":"https:\/\/antiquewhite-gerbil-448984.hostingersite.com\/?post_type=product&#038;p=12127"},"modified":"2023-05-31T16:49:06","modified_gmt":"2023-05-31T14:49:06","slug":"poele-a-granules-ventile-extraflame-teorema-11-kw","status":"publish","type":"product","link":"https:\/\/troncybois.com\/?product=poele-a-granules-ventile-extraflame-teorema-11-kw","title":{"rendered":"Po\u00eale \u00e0 granules ventil\u00e9 &#8211; EXTRAFLAME Teorema 11 kW"},"content":{"rendered":"<div class=\"fiche-produit\">\n<p><strong>Le po\u00eale \u00e0 granules Teorema <\/strong>de la marque<strong> EXTRAFLAME <\/strong>poss\u00e8de une puissance nominale de 10 kW, de quoi chauffer un volume pouvant atteindre les 287 m3. Ce mod\u00e8le poss\u00e8de un <strong>grand r\u00e9servoir<\/strong> \u00e0 pellets d&rsquo;environ 30 litres ce qui vous offrira une belle autonomie de chauffage. Il poss\u00e8de une grande vitre afin de profiter le plus possible de la vue sur la flamme.<\/p>\n<p>Ce mod\u00e8le de <strong>po\u00eale \u00e0 granul\u00e9s design<\/strong> poss\u00e8de une fonction Confort sur sa ventilation int\u00e9gr\u00e9e, qui r\u00e9duit la vitesse du ventilateur de l&rsquo;appareil afin d&rsquo;avoir moins de nuisances sonores.<\/p>\n<h2>Informations cl\u00e9s sur le Po\u00eale \u00e0 granules ventil\u00e9 &#8211; EXTRAFLAME Teorema 11 kW<\/h2>\n<ul>\n<li>Rev\u00eatement en acier \u00e9maill\u00e9<\/li>\n<li>Couverture en c\u00e9ramique<\/li>\n<li>Foyer et brasier en fonte<\/li>\n<li>Porte du foyer en fonte<\/li>\n<li>Large vue sur la flamme<\/li>\n<li>Poign\u00e9e ergonomique<\/li>\n<li>Thermostat de s\u00e9curit\u00e9<\/li>\n<li>Programmateur hebdomadaire<\/li>\n<li>Ventilation frontale avec fonction Confort<\/li>\n<li>\u00c9vacuation des fum\u00e9es : Sup\u00e9rieur \/ Arri\u00e8re<\/li>\n<li>T\u00e9l\u00e9commande\u00a0: INCLUSE<\/li>\n<li>Module WIFI\u00a0: OPTION<\/li>\n<\/ul>\n<h2>Caract\u00e9ristiques techniques du Po\u00eale \u00e0 granules ventil\u00e9 &#8211; EXTRAFLAME Teorema 11 kW<\/h2>\n<ul>\n<li>Puissance nominale : Pmin 3 \/ Pmax 10 kW<\/li>\n<li>Puissance br\u00fbl\u00e9e : Pmin 3.4 \/ Pmax 11 kW<\/li>\n<li>Rendement : min 90.2 \/ max 91 %<\/li>\n<li>Consommation : de 0.7 \u00e0 2.3 Kg\/h<\/li>\n<li>Dimensions : L 525 x H 1080 x P 652 mm<\/li>\n<li>Poids : 165 kg<\/li>\n<li>Volume de chauffe : 287 m3<\/li>\n<li>Diam\u00e8tre sortie de fum\u00e9es : 80 mm<\/li>\n<li>Diam\u00e8tre prise d&rsquo;air : 50 mm<\/li>\n<li>Capacit\u00e9 du r\u00e9servoir : 30 kg<\/li>\n<li>Classe \u00e9nerg\u00e9tique : A+<\/li>\n<\/ul>\n<h3>Sch\u00e9ma explicatif du Po\u00eale \u00e0 granules ventil\u00e9 &#8211; EXTRAFLAME Teorema 11 kW<\/h3>\n<p>Cliquez sur le lien suivant pour retrouver le Manuel Utilisateur : T\u00c9L\u00c9CHARGER LE MANUEL<\/p>\n<p><img fetchpriority=\"high\" decoding=\"async\" src=\"https:\/\/www.poelediscount.com\/img\/cms\/Sch%C3%A9ma%20technique\/PO%C3%8ALES%20EXTRAFLAME\/TEOREMA%20TECH.png\" alt=\"\" width=\"1109\" height=\"445\" \/><\/p>\n<h3>Mode de fonctionnement du P<strong>o\u00eale \u00e0 pellets ventil\u00e9 &#8211; EXTRAFLAME Teorema 11 kW<\/strong><\/h3>\n<ul>\n<li>Le syst\u00e8me <span style=\"text-decoration: underline;\">Eco-Stop (StandBy)<\/span> qui permet au <strong>po\u00eale \u00e0 granul\u00e9s<\/strong> de s&rsquo;\u00e9teindre une fois la temp\u00e9rature souhait\u00e9e atteinte et de red\u00e9marrer lorsque celle ci aura diminuer.<\/li>\n<li>Le syst\u00e8me <span style=\"text-decoration: underline;\">Modulation<\/span> qui permet au <strong>po\u00eale \u00e0 granules<\/strong> de fonctionner en continu afin d&rsquo;\u00e9viter les red\u00e9marrages, lorsque la temp\u00e9rature demand\u00e9e est atteinte celui ci va se r\u00e9guler automatiquement afin de diminuer sa puissance au minimum tout en maintenant la temp\u00e9rature.<\/li>\n<li>Le syst\u00e8me <span style=\"text-decoration: underline;\">Programmable<\/span> permettant de d\u00e9marrer et d&rsquo;\u00e9teindre le <strong>po\u00eale<\/strong> \u00e0 un moment pr\u00e9cis de la journ\u00e9e.<\/li>\n<\/ul>\n<p>Il faut savoir que tout les modes peuvent fonctionner ensemble, en m\u00eame temps.<\/p>\n<h3>Les diff\u00e9rents syst\u00e8mes du P<strong>o\u00eale \u00e0 granul\u00e9s ventil\u00e9 &#8211; EXTRAFLAME Teorema 11 kW<\/strong><\/h3>\n<p><img decoding=\"async\" src=\"https:\/\/www.poelediscount.com\/img\/cms\/Sch%C3%A9ma%20technique\/LOGOS%20syst%C3%A8mes%20Nordica%20Extraflame\/teorema_syst%C3%A8mes.png\" alt=\"Teorema Extraflame Syst\u00e8mes\" width=\"1545\" height=\"209\" \/><\/p>\n<p><strong>A propos du fabricant :<\/strong> Avec son design et sa pr\u00e9cision de r\u00e9alisation la marque italienne <strong>EXTRAFLAME<\/strong> propose des produits de qualit\u00e9s devenue d\u00e9sormais synonyme de chaleur, fiabilit\u00e9 et s\u00e9curit\u00e9.<\/p>\n<ul>\n<li>Ce produit ne vous convient pas ? Vous pr\u00e9f\u00e9reriez peut \u00eatre ce mod\u00e8le de po\u00eale \u00e0 granules ventil\u00e9<\/li>\n<li>Vous recherchez un produit similaire ? Retrouvez tous nos po\u00eales \u00e0 granules ventil\u00e9<\/li>\n<li>Vous aimeriez trouver un autre produit de la marque EXTRAFLAME ? D\u00e9couvrez tous nos po\u00eales \u00e0 granules EXTRAFLAME<\/li>\n<li>Poelediscount.com le leader des po\u00eales \u00e0 granul\u00e9s pas chers<\/li>\n<\/ul>\n<\/div>\n<p>&nbsp;<\/p>\n<div>\n<p><strong><u>Garantie<\/u>\u00a0:\u00a0<\/strong>Nous vous rappelons que pour la garantie, l&rsquo;installation doit \u00eatre conforme au mode d&#8217;emploi (pr\u00e9conisation du fabricant) et doit respecter les normes en vigueur du pays, pour la France DTU 24.1 ou 24.2.<br \/>\nDe plus, comme pour tous les po\u00eales \u00e0 granul\u00e9s, les appareils sont \u00e0 r\u00e9gler en fonction du tirage naturel de l&rsquo;installation choisie.<\/p>\n<p class=\"fiche-produit\">Les r\u00e9glages et la mise en service de ce produit doivent \u00eatre effectu\u00e9s par un professionnel agr\u00e9\u00e9 CAT La Nordica-Extraflame, le listing se trouve ici : https:\/\/www.lanordica-extraflame.com\/fr\/cat\/services-apres-vente.<br \/>\nPensez \u00e0 v\u00e9rifier la disponibilit\u00e9 d&rsquo;un professionnel pr\u00e8s de chez vous.<\/p>\n<\/div>\n<div class=\"row\" style=\"padding-top: 20px;\">\n<div class=\"col-xs-12 col-sm-12 col-md-12 col-lg-4\" style=\"text-align: center; padding: 15px 2px 25px 2px;\">Questions fr\u00e9quentes<\/div>\n<div class=\"col-xs-12 col-sm-12 col-md-12 col-lg-4\" style=\"text-align: center; padding: 15px 2px 25px 2px;\">Quelle puissance choisir ?<\/div>\n<div class=\"col-xs-12 col-sm-12 col-md-12 col-lg-4\" style=\"text-align: center; padding: 15px 2px 25px 2px;\">Livraison<\/div>\n<\/div>\n","protected":false},"excerpt":{"rendered":"<p id=\"product_reference\"><label>R\u00e9f\u00e9rence <\/label><br \/>\n<span class=\"editable\">1284102<\/span><\/p>\n<p id=\"product_condition\"><label>\u00c9tat : <\/label><br \/>\n<span class=\"editable\">Neuf<\/span><\/p>\n<p id=\"product_ean13\"><label>Ean13: <\/label><br \/>\n8008269004373<\/p>\n<div id=\"short_description_block\">\n<div id=\"short_description_content\" class=\"rte align_justify\">\n<ul>\n<li>Marque EXTRAFLAME<\/li>\n<li>Garantie 2 ans pi\u00e8ces<\/li>\n<li>Fabriqu\u00e9 en Italie<\/li>\n<li>Programmable &#8211; Eco-stop (StandBy)<\/li>\n<li>Non \u00e9tanche : Zone 1<\/li>\n<li>Flamme Verte<\/li>\n<li>EcoDesign 2022<\/li>\n<\/ul>\n<p><span style=\"color: #218e53;\"><strong>D\u00e9lai de disponibilit\u00e9 : 5 \u00e0 12 jours<\/strong><\/span><\/p>\n<p><span style=\"text-decoration: underline;\"><strong>LIVRAISON GRATUITE<\/strong><\/span> (Partout en Europe)<\/p>\n<p id=\"availability_date\" style=\"display: none;\"><span id=\"availability_label\" style=\"color: #d0121a; font-weight: bold; text-transform: uppercase;\"><u>Disponible le<\/u>\u00a0:<\/span><\/p>\n<\/div>\n<\/div>\n<p>&nbsp;<\/p>\n","protected":false},"featured_media":12182,"comment_status":"open","ping_status":"closed","template":"","meta":[],"product_brand":[],"product_cat":[113],"product_tag":[],"class_list":{"0":"post-12127","1":"product","2":"type-product","3":"status-publish","4":"has-post-thumbnail","6":"product_cat-poeles-granules","8":"first","9":"instock","10":"sale","11":"purchasable","12":"product-type-simple"},"jetpack_sharing_enabled":true,"_links":{"self":[{"href":"https:\/\/troncybois.com\/index.php?rest_route=\/wp\/v2\/product\/12127","targetHints":{"allow":["GET"]}}],"collection":[{"href":"https:\/\/troncybois.com\/index.php?rest_route=\/wp\/v2\/product"}],"about":[{"href":"https:\/\/troncybois.com\/index.php?rest_route=\/wp\/v2\/types\/product"}],"replies":[{"embeddable":true,"href":"https:\/\/troncybois.com\/index.php?rest_route=%2Fwp%2Fv2%2Fcomments&post=12127"}],"version-history":[{"count":1,"href":"https:\/\/troncybois.com\/index.php?rest_route=\/wp\/v2\/product\/12127\/revisions"}],"predecessor-version":[{"id":12189,"href":"https:\/\/troncybois.com\/index.php?rest_route=\/wp\/v2\/product\/12127\/revisions\/12189"}],"wp:featuredmedia":[{"embeddable":true,"href":"https:\/\/troncybois.com\/index.php?rest_route=\/wp\/v2\/media\/12182"}],"wp:attachment":[{"href":"https:\/\/troncybois.com\/index.php?rest_route=%2Fwp%2Fv2%2Fmedia&parent=12127"}],"wp:term":[{"taxonomy":"product_brand","embeddable":true,"href":"https:\/\/troncybois.com\/index.php?rest_route=%2Fwp%2Fv2%2Fproduct_brand&post=12127"},{"taxonomy":"product_cat","embeddable":true,"href":"https:\/\/troncybois.com\/index.php?rest_route=%2Fwp%2Fv2%2Fproduct_cat&post=12127"},{"taxonomy":"product_tag","embeddable":true,"href":"https:\/\/troncybois.com\/index.php?rest_route=%2Fwp%2Fv2%2Fproduct_tag&post=12127"}],"curies":[{"name":"wp","href":"https:\/\/api.w.org\/{rel}","templated":true}]}}