{"id":10627,"date":"2023-05-30T13:56:03","date_gmt":"2023-05-30T11:56:03","guid":{"rendered":"https:\/\/antiquewhite-gerbil-448984.hostingersite.com\/?post_type=product&#038;p=10627"},"modified":"2023-05-31T16:38:45","modified_gmt":"2023-05-31T14:38:45","slug":"poele-a-bois-etanche-en-ceramique-evacalor-marica-8-kw","status":"publish","type":"product","link":"https:\/\/troncybois.com\/?product=poele-a-bois-etanche-en-ceramique-evacalor-marica-8-kw","title":{"rendered":"Po\u00eale a bois \u00e9tanche en c\u00e9ramique &#8211; EVACALOR Marica 8 kW"},"content":{"rendered":"<div class=\"row\" style=\"padding-top: 20px;\">\n<div class=\"col-xs-12 col-sm-12 col-md-12 col-lg-4\" style=\"text-align: center; padding: 15px 2px 25px 2px;\">\n<p style=\"text-align: left;\">Le po\u00eale \u00e0 bois \u00e9tanche en c\u00e9ramique Marica de la marque EVA CALOR est capable de chauffer un volume entre 120 et 180 m3. Il poss\u00e8de un syst\u00e8me de triple combustion, ce qui lui permet d&rsquo;atteindre un excellent rendement de 86 %.<\/p>\n<p style=\"text-align: left;\">Informations cl\u00e9s du Po\u00eale \u00e0 bois \u00e9tanche en c\u00e9ramique &#8211; EVA CALOR Marica 8 kW<br \/>\nPorte en fonte<br \/>\nRev\u00eatement en c\u00e9ramique<br \/>\nFoyer en vermiculite<br \/>\nTiroir des cendres amovible<br \/>\nTaille des b\u00fbches : 25 cm<br \/>\n\u00c9vacuation des fum\u00e9es : Arri\u00e8re \/ Sup\u00e9rieur<br \/>\nDescription technique du Po\u00eale \u00e0 bois \u00e9tanche en c\u00e9ramique &#8211; EVA CALOR Marica 8 kW<br \/>\nPuissance br\u00fbl\u00e9e : 8.1 kW<br \/>\nPuissance nominale : 7 kW<br \/>\nRendement : 86 %<br \/>\nVolume de chauffe : de 120 \u00e0 180 m3<br \/>\nConsommation : 1.9 kg\/h<br \/>\nPoids : 151 kg<br \/>\nDiam\u00e8tre des sorties des fum\u00e9es : 150 mm<br \/>\nDiam\u00e8tre d&rsquo;arriv\u00e9e d&rsquo;air : 80 mm<br \/>\nDimensions : L 476 x H 1129 x P 417 mm<br \/>\nDimensions du foyer : L 300 x H 490 X P 280 mm<br \/>\nClasse \u00e9nerg\u00e9tique : A+<br \/>\nDistance minimale des surfaces inflammables : c\u00f4t\u00e9 40cm \/ arri\u00e8re 40cm \/ avant 150cm<br \/>\nSch\u00e9ma explicatif du Po\u00eale \u00e0 bois \u00e9tanche en c\u00e9ramique &#8211; EVA CALOR Marica 8 kW<\/p>\n<p style=\"text-align: left;\">Les diff\u00e9rents syst\u00e8mes du Po\u00eale \u00e0 bois \u00e9tanche en c\u00e9ramique &#8211; EVA CALOR Marica 8 kW<\/p>\n<p style=\"text-align: left;\">SHS : Le symbole SHS identifie les po\u00eales dot\u00e9s d&rsquo;un syst\u00e8me de combustion herm\u00e9tique. Avec ce syst\u00e8me, l&rsquo;air n\u00e9cessaire \u00e0 la combustion n\u2019est pas pr\u00e9lev\u00e9 dans la pi\u00e8ce o\u00f9 est install\u00e9 le po\u00eale. Cette fonction non seulement offre de meilleures performances et optimise la diffusion de la chaleur, mais renforce \u00e9galement la s\u00e9curit\u00e9 d&rsquo;utilisation du po\u00eale.<\/p>\n<p style=\"text-align: left;\">TRIPLE COMBUSTION : Gr\u00e2ce \u00e0 cette technologie, il est possible d&rsquo;obtenir une troisi\u00e8me combustion des gaz non br\u00fbl\u00e9s lors les pr\u00e9c\u00e9dentes. L&rsquo;air est amen\u00e9 au niveau du brasier ce qui entra\u00eene une troisi\u00e8me combustion des gaz non br\u00fbl\u00e9s pr\u00e9c\u00e9demment. De cette mani\u00e8re, l&rsquo;appareil consume presque toute la quantit\u00e9 de gaz et cela permet d&rsquo;obtenir de meilleurs rendements mais \u00e9galement de r\u00e9duire consid\u00e9rablement les \u00e9missions de C02. On obtient donc une haute efficacit\u00e9 et des \u00e9conomies de combustible \u00e9lev\u00e9es.<\/p>\n<p style=\"text-align: left;\">\u00c0 propos du fournisseur : La marque EVA CALOR est une marque italienne qui propose des solutions de chauffage modernes et sophistiqu\u00e9es. Leurs produits respectent l\u2019environnement avec de meilleurs rendements et de faibles \u00e9missions polluantes. Les po\u00eales \u00e0 granul\u00e9s, cuisini\u00e8res, inserts sont adapt\u00e9s \u00e0 tous les go\u00fbts et exigences.<\/p>\n<p style=\"text-align: left;\">Garantie : Nous vous rappelons que pour la garantie, l&rsquo;installation doit \u00eatre conforme au mode d&#8217;emploi (pr\u00e9conisation du fabricant) et doit respecter les normes en vigueur du pays, pour la France DTU 24.1 ou 24.2.<br \/>\nDe plus, comme pour tous les po\u00eales \u00e0 granul\u00e9s, les appareils sont \u00e0 r\u00e9gler en fonction du tirage naturel de l&rsquo;installation choisie.<\/p>\n<p style=\"text-align: left;\">Questions fr\u00e9quentes<br \/>\nQuelle puissance choisir ?<br \/>\nLivraison<\/p>\n<\/div>\n<\/div>\n","protected":false},"excerpt":{"rendered":"<div><\/div>\n<p id=\"product_reference\"><label>R\u00e9f\u00e9rence <\/label><br \/>\n<span class=\"editable\">90FDFV56600<\/span><\/p>\n<p id=\"product_condition\"><label>\u00c9tat : <\/label><br \/>\n<span class=\"editable\">Neuf<\/span><\/p>\n<p id=\"product_ean13\"><label>Ean13: <\/label><br \/>\n8029728009289<\/p>\n<div id=\"short_description_block\">\n<div id=\"short_description_content\" class=\"rte align_justify\">\n<ul>\n<li>Marque EVA CALOR<\/li>\n<li>Garantie 2 ans pi\u00e8ces<\/li>\n<li>Fabriqu\u00e9 en Italie<\/li>\n<li>\u00c9tanche: Zone 1<\/li>\n<li>EcoDesign 2022<\/li>\n<\/ul>\n<div class=\"rte align_justify\">\n<p><strong><span style=\"color: #218e53;\">D\u00e9lai de disponibilit\u00e9 : 5 \u00e0 12 jours<\/span><\/strong><\/p>\n<p><span style=\"text-decoration: underline;\"><strong>LIVRAISON GRATUITE<\/strong><\/span> (Partout en Europe)<\/p>\n<\/div>\n<\/div>\n<\/div>\n","protected":false},"featured_media":10833,"comment_status":"open","ping_status":"closed","template":"","meta":[],"product_brand":[],"product_cat":[107],"product_tag":[],"class_list":{"0":"post-10627","1":"product","2":"type-product","3":"status-publish","4":"has-post-thumbnail","6":"product_cat-poeles-bois","8":"first","9":"instock","10":"purchasable","11":"product-type-simple"},"jetpack_sharing_enabled":true,"_links":{"self":[{"href":"https:\/\/troncybois.com\/index.php?rest_route=\/wp\/v2\/product\/10627","targetHints":{"allow":["GET"]}}],"collection":[{"href":"https:\/\/troncybois.com\/index.php?rest_route=\/wp\/v2\/product"}],"about":[{"href":"https:\/\/troncybois.com\/index.php?rest_route=\/wp\/v2\/types\/product"}],"replies":[{"embeddable":true,"href":"https:\/\/troncybois.com\/index.php?rest_route=%2Fwp%2Fv2%2Fcomments&post=10627"}],"version-history":[{"count":1,"href":"https:\/\/troncybois.com\/index.php?rest_route=\/wp\/v2\/product\/10627\/revisions"}],"predecessor-version":[{"id":10841,"href":"https:\/\/troncybois.com\/index.php?rest_route=\/wp\/v2\/product\/10627\/revisions\/10841"}],"wp:featuredmedia":[{"embeddable":true,"href":"https:\/\/troncybois.com\/index.php?rest_route=\/wp\/v2\/media\/10833"}],"wp:attachment":[{"href":"https:\/\/troncybois.com\/index.php?rest_route=%2Fwp%2Fv2%2Fmedia&parent=10627"}],"wp:term":[{"taxonomy":"product_brand","embeddable":true,"href":"https:\/\/troncybois.com\/index.php?rest_route=%2Fwp%2Fv2%2Fproduct_brand&post=10627"},{"taxonomy":"product_cat","embeddable":true,"href":"https:\/\/troncybois.com\/index.php?rest_route=%2Fwp%2Fv2%2Fproduct_cat&post=10627"},{"taxonomy":"product_tag","embeddable":true,"href":"https:\/\/troncybois.com\/index.php?rest_route=%2Fwp%2Fv2%2Fproduct_tag&post=10627"}],"curies":[{"name":"wp","href":"https:\/\/api.w.org\/{rel}","templated":true}]}}