{"id":10320,"date":"2023-05-30T13:51:30","date_gmt":"2023-05-30T11:51:30","guid":{"rendered":"https:\/\/antiquewhite-gerbil-448984.hostingersite.com\/?post_type=product&#038;p=10320"},"modified":"2024-06-07T15:31:21","modified_gmt":"2024-06-07T13:31:21","slug":"insert-a-bois-la-nordica-monoblocco-1000-evo-14-kw","status":"publish","type":"product","link":"https:\/\/troncybois.com\/?product=insert-a-bois-la-nordica-monoblocco-1000-evo-14-kw","title":{"rendered":"Insert \u00e0 bois &#8211; LA NORDICA Monoblocco 1000 Evo 14 kW"},"content":{"rendered":"<div class=\"row\" style=\"padding-top: 20px;\">\n<div class=\"col-xs-12 col-sm-12 col-md-12 col-lg-4\" style=\"text-align: center; padding: 15px 2px 25px 2px;\">\n<p style=\"text-align: left;\">L&rsquo;insert \u00e0 bois Monoblocco 1000 Evo vous permet de diffuser une douce chaleur tout en profitant des belles flammes gr\u00e2ce \u00e0 la vision panoramique du feu. Cet insert \u00e0 bois permet de chauffer rapidement la pi\u00e8ce tout en am\u00e9liorant le rendement de votre chemin\u00e9e.<\/p>\n<p style=\"text-align: left;\">Informations cl\u00e9s sur l&rsquo;Insert \u00e0 bois &#8211; LA NORDICA Monoblocco 1000 Evo 14 kW<br \/>\nRev\u00eatement int\u00e9rieur du foyer en fonte et Nordiker<br \/>\nVitre c\u00e9ramique<br \/>\nPlancher foyer, grille et barre de protection en fonte<br \/>\nAir primaire et secondaire r\u00e9glable<br \/>\nFa\u00e7ade en acier<br \/>\nOuverture de la porte \u00e0 45\u00b0 pour le nettoyage de la vitre<br \/>\nPoign\u00e9e ergonomique<br \/>\nPetites roues pour un positionnement facilit\u00e9<br \/>\nHotte en fonte<br \/>\nTailles des b\u00fbches : 50 cm<br \/>\nRaccord pour une prise d&rsquo;air externe directement sur l&rsquo;appareil<br \/>\nVentilation KIT WIND AIR + CARTER : OPTION<br \/>\nCaract\u00e9ristiques techniques de l&rsquo;Insert \u00e0 bois &#8211; LA NORDICA Monoblocco 1000 Evo 14 kW<br \/>\nPuissance brul\u00e9e : 14.3 kW<br \/>\nPuissance nominale : 12.3 kW<br \/>\nVolume de chauffe : 352 m3<br \/>\nRendement : 85.6 %<br \/>\nDimensions : L 1136 x H 1512x P 597mm<br \/>\nDimensions du foyer : L 840 x H 447x P 340mm<br \/>\nPoids : 292 kg<br \/>\nConsommation : 3.4 kg\/h<br \/>\nDiam\u00e8tre sortie de fum\u00e9es : 200 mm<br \/>\nDiam\u00e8tre arriv\u00e9e d&rsquo;air : 100 mm<br \/>\nClasse \u00e9nerg\u00e9tique : A +<br \/>\nSch\u00e9ma explicatif de l&rsquo;Insert \u00e0 bois &#8211; LA NORDICA Monoblocco 1000 Evo 14 kW<\/p>\n<p style=\"text-align: left;\">Cliquez sur le lien suivant pour retrouver le Manuel Utilisateur : T\u00c9L\u00c9CHARGER LE MANUEL<\/p>\n<p style=\"text-align: left;\">Mode de fonctionnement de l&rsquo;Insert \u00e0 bois &#8211; LA NORDICA Monoblocco 1000 Evo 14 kW<\/p>\n<p style=\"text-align: left;\">Post Combustion System : Le syst\u00e8me de combustion d\u00e9velopp\u00e9 par La Nordica-Extraflame permet, gr\u00e2ce \u00e0 un syst\u00e8me d\u2019air secondaire\/tertiaire, une postcombustion en mesure de r\u00e9duire drastiquement les \u00e9missions et donc de respecter les normes europ\u00e9ennes les plus s\u00e9v\u00e8res.<\/p>\n<p style=\"text-align: left;\">Clean Glass Control : Ce syst\u00e8me qui gr\u00e2ce \u00e0 un parcours sp\u00e9cifique d&rsquo;air pr\u00e9chauff\u00e9 \u00e9vite efficacement l&rsquo;encrassement de la vitre du foyer, son entretien est ainsi facilit\u00e9.<\/p>\n<p style=\"text-align: left;\">NORDIKER : Pour la r\u00e9alisation des parties r\u00e9fractaires, la marque La Nordica a brevet\u00e9 ce mat\u00e9riau ultra r\u00e9sistant pouvant r\u00e9sister \u00e0 des temp\u00e9ratures de combustion tr\u00e8s \u00e9lev\u00e9s. La couleur claire du mat\u00e9riau intensifie la luminosit\u00e9 de la flamme et offre une simplicit\u00e9 d&rsquo;entretien.<\/p>\n<p style=\"text-align: left;\">BBC (Prise d&rsquo;air Direct Externe) : Ce syst\u00e8me pr\u00e9l\u00e8ve l&rsquo;air frais de l&rsquo;ext\u00e9rieur pour la combustion en l&rsquo;introduisant directement dans la chambre de combustion. (Ceci n&rsquo;est pas une chambre \u00e9tanche)<\/p>\n<p style=\"text-align: left;\">(PRS) Syst\u00e8me radiant : Syst\u00e8me \u00e9changeur \u00e0 haute efficacit\u00e9 qui assure une transmission de chaleur \u00e0 l\u2019air ambiant.<\/p>\n<p style=\"text-align: left;\">A propos du fabricant : La marque italienne Nordica a \u00e9t\u00e9 cr\u00e9e en 1968 et propose une large gamme de produits, comme des po\u00eales, chemin\u00e9es, cuisini\u00e8res, thermoproduits et chaudi\u00e8res.<\/p>\n<p style=\"text-align: left;\">Garantie : Nous vous rappelons que pour la garantie, l&rsquo;installation doit \u00eatre conforme au mode d&#8217;emploi (pr\u00e9conisation du fabricant) et doit respecter les normes en vigueur du pays, pour la France DTU 24.1 ou 24.2.<br \/>\nDe plus, comme pour tous les po\u00eales \u00e0 granul\u00e9s, les appareils sont \u00e0 r\u00e9gler en fonction du tirage naturel de l&rsquo;installation choisie.<\/p>\n<p style=\"text-align: left;\">Les r\u00e9glages et la mise en service de ce produit doivent \u00eatre effectu\u00e9s par un professionnel agr\u00e9\u00e9 CAT La Nordica-Extraflame, le listing se trouve ici : https:\/\/www.lanordica-extraflame.com\/fr\/cat\/services-apres-vente.<br \/>\nPensez \u00e0 v\u00e9rifier la disponibilit\u00e9 d&rsquo;un professionnel pr\u00e8s de chez vous.<\/p>\n<p style=\"text-align: left;\">Questions fr\u00e9quentes<br \/>\nQuelle puissance choisir ?<br \/>\nLivraison<\/p>\n<\/div>\n<\/div>\n","protected":false},"excerpt":{"rendered":"<p>&nbsp;<\/p>\n<p id=\"product_reference\"><label>R\u00e9f\u00e9rence <\/label><br \/>\n<span class=\"editable\">HFD5F-DSHGSD<\/span><\/p>\n<p id=\"product_condition\"><label>\u00c9tat : <\/label><br \/>\n<span class=\"editable\">Neuf<\/span><\/p>\n<div id=\"short_description_block\">\n<div id=\"short_description_content\" class=\"rte align_justify\">\n<ul>\n<li>Marque LA NORDICA<\/li>\n<li>Fabriqu\u00e9 en Italie<\/li>\n<li>Garantie 2 ans pi\u00e8ces<\/li>\n<li>Flamme Verte<\/li>\n<li>EcoDesign 2022<\/li>\n<li>Non \u00e9tanche : Zone 1<\/li>\n<\/ul>\n<p><strong><span style=\"color: #218e53;\">D\u00e9lai de disponibilit\u00e9 : 3 \u00e0 4\u00a0\u00a0jours ouvr\u00e9s\u00a0<\/span><\/strong><\/p>\n<p><span style=\"text-decoration: underline;\"><strong>LIVRAISON GRATUITE<\/strong><\/span> (Uniquement en France )<\/p>\n<\/div>\n<\/div>\n","protected":false},"featured_media":10435,"comment_status":"open","ping_status":"closed","template":"","meta":[],"product_brand":[],"product_cat":[107],"product_tag":[],"class_list":{"0":"post-10320","1":"product","2":"type-product","3":"status-publish","4":"has-post-thumbnail","6":"product_cat-poeles-bois","8":"first","9":"instock","10":"purchasable","11":"product-type-simple"},"jetpack_sharing_enabled":true,"_links":{"self":[{"href":"https:\/\/troncybois.com\/index.php?rest_route=\/wp\/v2\/product\/10320","targetHints":{"allow":["GET"]}}],"collection":[{"href":"https:\/\/troncybois.com\/index.php?rest_route=\/wp\/v2\/product"}],"about":[{"href":"https:\/\/troncybois.com\/index.php?rest_route=\/wp\/v2\/types\/product"}],"replies":[{"embeddable":true,"href":"https:\/\/troncybois.com\/index.php?rest_route=%2Fwp%2Fv2%2Fcomments&post=10320"}],"version-history":[{"count":2,"href":"https:\/\/troncybois.com\/index.php?rest_route=\/wp\/v2\/product\/10320\/revisions"}],"predecessor-version":[{"id":14256,"href":"https:\/\/troncybois.com\/index.php?rest_route=\/wp\/v2\/product\/10320\/revisions\/14256"}],"wp:featuredmedia":[{"embeddable":true,"href":"https:\/\/troncybois.com\/index.php?rest_route=\/wp\/v2\/media\/10435"}],"wp:attachment":[{"href":"https:\/\/troncybois.com\/index.php?rest_route=%2Fwp%2Fv2%2Fmedia&parent=10320"}],"wp:term":[{"taxonomy":"product_brand","embeddable":true,"href":"https:\/\/troncybois.com\/index.php?rest_route=%2Fwp%2Fv2%2Fproduct_brand&post=10320"},{"taxonomy":"product_cat","embeddable":true,"href":"https:\/\/troncybois.com\/index.php?rest_route=%2Fwp%2Fv2%2Fproduct_cat&post=10320"},{"taxonomy":"product_tag","embeddable":true,"href":"https:\/\/troncybois.com\/index.php?rest_route=%2Fwp%2Fv2%2Fproduct_tag&post=10320"}],"curies":[{"name":"wp","href":"https:\/\/api.w.org\/{rel}","templated":true}]}}