{"id":10021,"date":"2023-05-30T13:23:52","date_gmt":"2023-05-30T11:23:52","guid":{"rendered":"https:\/\/antiquewhite-gerbil-448984.hostingersite.com\/?post_type=product&#038;p=10021"},"modified":"2024-05-30T22:07:55","modified_gmt":"2024-05-30T20:07:55","slug":"chaudiere-a-bois-la-nordica-lnk20-evo-21-kw","status":"publish","type":"product","link":"https:\/\/troncybois.com\/?product=chaudiere-a-bois-la-nordica-lnk20-evo-21-kw","title":{"rendered":"Chaudi\u00e8re \u00e0 bois &#8211; LA NORDICA LNK20 Evo 21 kW"},"content":{"rendered":"<div class=\"fiche-produit\">\n<p><strong>Avec la chaudi\u00e8re \u00e0 bois LNK 20 Evo <\/strong>de la marque<strong> LA NORDICA, <\/strong>vous pourrez chauffer toute votre maison. Cette chaudi\u00e8re d&rsquo;une puissance rendue \u00e0 l&rsquo;eau de 21 kW une fois reli\u00e9e \u00e0 votre syst\u00e8me de chauffage central est capable de chauffer un volume pouvant atteindre 602 m3.<\/p>\n<p>En plus de poss\u00e9der un tr\u00e8s bon rendement de 89.3 %, cet appareil de chauffage est capable d\u2019accueillir des b\u00fbches de 50 cm.<\/p>\n<p>Le mod\u00e8le de <strong>chaudi\u00e8re \u00e0 bois LNK 20 Evo<\/strong> poss\u00e8de un \u00e9cran num\u00e9rique facile \u00e0 prendre en main qui affiche les diff\u00e9rentes fonctionnalit\u00e9s de l&rsquo;appareil.<\/p>\n<h2>Informations cl\u00e9s de la Chaudi\u00e8re \u00e0 bois &#8211; LA NORDICA LNK 20 Evo 21 kW<\/h2>\n<ul>\n<li>Rev\u00eatement en acier \u00e9maill\u00e9<\/li>\n<li>Fonction d&rsquo;allumage automatique<\/li>\n<li>\u00c9cran num\u00e9rique<\/li>\n<li>Allumage invers\u00e9<\/li>\n<li>Air primaire et secondaire r\u00e9glable<\/li>\n<li>Taille des b\u00fbches : 50 cm<\/li>\n<li>Dispositif de s\u00e9curit\u00e9 DSA : OPTION<\/li>\n<\/ul>\n<h2>Description technique de la Chaudi\u00e8re \u00e0 bois &#8211; LA NORDICA LNK 20 Evo 21 kW<\/h2>\n<ul>\n<li>Puissance c\u00e9d\u00e9e \u00e0 l&rsquo;eau : 21 kW<\/li>\n<li>Volume de chauffe : 602 m<sup>3<\/sup><\/li>\n<li>Classe \u00e9nerg\u00e9tique : A +<\/li>\n<li>Rendement : 89.3 %<\/li>\n<li>Consommation : 5.4 kg\/h<\/li>\n<li>Poids : 449 kg<\/li>\n<li>Dimensions : L 550 x H 1320 x P 1320 mm<\/li>\n<li>Diam\u00e8tre des sorties des fum\u00e9es : 150 mm<\/li>\n<li>Capacit\u00e9 du foyer : 89 Litres<\/li>\n<li>Pression de travail : 2.5 bar MAX<\/li>\n<\/ul>\n<h2>Sch\u00e9ma technique de la Chaudi\u00e8re \u00e0 bois &#8211; LA NORDICA LNK 20 Evo 21 kW<\/h2>\n<p>Cliquez sur le lien suivant pour retrouver le Manuel Utilisateur : T\u00c9L\u00c9CHARGER LE MANUEL<\/p>\n<p><img fetchpriority=\"high\" decoding=\"async\" src=\"https:\/\/www.poelediscount.com\/img\/cms\/Sch%C3%A9ma%20technique\/CHAUDIERES\/LNK%20TECH.png\" alt=\"LNK15 EVO\" width=\"1369\" height=\"565\" \/><\/p>\n<p><strong>\u00c0 propos du fournisseur :<\/strong> La marque <strong>La Nordica<\/strong> est une marque italienne qui a \u00e9t\u00e9 cr\u00e9e en 1968. L\u2019entreprise propose des solutions de chauffage modernes et sophistiqu\u00e9es. Les produits La Nordica respectent l\u2019environnement avec de meilleurs rendements et de faibles \u00e9missions polluantes. Les po\u00eales, cuisini\u00e8res, inserts sont adapt\u00e9s \u00e0 tous les go\u00fbts et exigences.<\/p>\n<ul>\n<li>Vous recherchez une chaudi\u00e8re \u00e0 bois plus puissante ? D\u00e9couvrez un autre mod\u00e8le de chaudi\u00e8re \u00e0 bois<\/li>\n<li>Vous cherchez un autre type de chaudi\u00e8re ? D\u00e9couvrez nos\u00a0chaudi\u00e8res \u00e0 granul\u00e9s<\/li>\n<li>PoeleDiscount.com vous propose des\u00a0chaudi\u00e8res \u00e0 bois de qualit\u00e9 toute l&rsquo;ann\u00e9e !<\/li>\n<\/ul>\n<\/div>\n<p>&nbsp;<\/p>\n<div>\n<p><strong><u>Garantie<\/u>\u00a0:\u00a0<\/strong>Nous vous rappelons que pour la garantie, l&rsquo;installation doit \u00eatre conforme au mode d&#8217;emploi (pr\u00e9conisation du fabricant) et doit respecter les normes en vigueur du pays, pour la France DTU 24.1 ou 24.2.<br \/>\nDe plus, comme pour tous les po\u00eales \u00e0 granul\u00e9s, les appareils sont \u00e0 r\u00e9gler en fonction du tirage naturel de l&rsquo;installation choisie.<\/p>\n<p class=\"fiche-produit\">Les r\u00e9glages et la mise en service de ce produit doivent \u00eatre effectu\u00e9s par un professionnel agr\u00e9\u00e9 CAT La Nordica-Extraflame, le listing se trouve ici : https:\/\/www.lanordica-extraflame.com\/fr\/cat\/services-apres-vente.<br \/>\nPensez \u00e0 v\u00e9rifier la disponibilit\u00e9 d&rsquo;un professionnel pr\u00e8s de chez vous.<\/p>\n<\/div>\n<div class=\"row\" style=\"padding-top: 20px;\">\n<div class=\"col-xs-12 col-sm-12 col-md-12 col-lg-4\" style=\"text-align: center; padding: 15px 2px 25px 2px;\">Questions fr\u00e9quentes<\/div>\n<div class=\"col-xs-12 col-sm-12 col-md-12 col-lg-4\" style=\"text-align: center; padding: 15px 2px 25px 2px;\">Quelle puissance choisir ?<\/div>\n<div class=\"col-xs-12 col-sm-12 col-md-12 col-lg-4\" style=\"text-align: center; padding: 15px 2px 25px 2px;\">Livraison<\/div>\n<\/div>\n","protected":false},"excerpt":{"rendered":"<p id=\"product_reference\"><label>R\u00e9f\u00e9rence <\/label><br \/>\n<span class=\"editable\">0987657890<\/span><\/p>\n<p id=\"product_condition\"><label>\u00c9tat : <\/label><br \/>\n<span class=\"editable\">Neuf<\/span><\/p>\n<div id=\"short_description_block\">\n<div id=\"short_description_content\" class=\"rte align_justify\">\n<ul>\n<li>Marque LA NORDICA<\/li>\n<li>Garantie 2 ans pi\u00e8ces<\/li>\n<li>Non \u00e9tanche : Zone 1<\/li>\n<li>EcoDesign 2022<\/li>\n<li>Flamme Verte<\/li>\n<\/ul>\n<p><strong><span style=\"color: #218e53;\">D\u00e9lai de livraison : 5 \u00e0 12 jours ouvr\u00e9s<\/span> <\/strong><\/p>\n<p><span style=\"text-decoration: underline;\"><strong>LIVRAISON GRATUITE<\/strong><\/span> (Partout en Europe)<\/p>\n<\/div>\n<\/div>\n","protected":false},"featured_media":10203,"comment_status":"open","ping_status":"closed","template":"","meta":[],"product_brand":[],"product_cat":[98,104],"product_tag":[],"class_list":{"0":"post-10021","1":"product","2":"type-product","3":"status-publish","4":"has-post-thumbnail","6":"product_cat-chaudieres","7":"product_cat-chaudieres-a-bois","9":"first","10":"instock","11":"sale","12":"purchasable","13":"product-type-simple"},"jetpack_sharing_enabled":true,"_links":{"self":[{"href":"https:\/\/troncybois.com\/index.php?rest_route=\/wp\/v2\/product\/10021","targetHints":{"allow":["GET"]}}],"collection":[{"href":"https:\/\/troncybois.com\/index.php?rest_route=\/wp\/v2\/product"}],"about":[{"href":"https:\/\/troncybois.com\/index.php?rest_route=\/wp\/v2\/types\/product"}],"replies":[{"embeddable":true,"href":"https:\/\/troncybois.com\/index.php?rest_route=%2Fwp%2Fv2%2Fcomments&post=10021"}],"version-history":[{"count":1,"href":"https:\/\/troncybois.com\/index.php?rest_route=\/wp\/v2\/product\/10021\/revisions"}],"predecessor-version":[{"id":10207,"href":"https:\/\/troncybois.com\/index.php?rest_route=\/wp\/v2\/product\/10021\/revisions\/10207"}],"wp:featuredmedia":[{"embeddable":true,"href":"https:\/\/troncybois.com\/index.php?rest_route=\/wp\/v2\/media\/10203"}],"wp:attachment":[{"href":"https:\/\/troncybois.com\/index.php?rest_route=%2Fwp%2Fv2%2Fmedia&parent=10021"}],"wp:term":[{"taxonomy":"product_brand","embeddable":true,"href":"https:\/\/troncybois.com\/index.php?rest_route=%2Fwp%2Fv2%2Fproduct_brand&post=10021"},{"taxonomy":"product_cat","embeddable":true,"href":"https:\/\/troncybois.com\/index.php?rest_route=%2Fwp%2Fv2%2Fproduct_cat&post=10021"},{"taxonomy":"product_tag","embeddable":true,"href":"https:\/\/troncybois.com\/index.php?rest_route=%2Fwp%2Fv2%2Fproduct_tag&post=10021"}],"curies":[{"name":"wp","href":"https:\/\/api.w.org\/{rel}","templated":true}]}}