{"id":10012,"date":"2023-05-30T13:23:50","date_gmt":"2023-05-30T11:23:50","guid":{"rendered":"https:\/\/antiquewhite-gerbil-448984.hostingersite.com\/?post_type=product&#038;p=10012"},"modified":"2024-05-30T22:16:52","modified_gmt":"2024-05-30T20:16:52","slug":"chaudiere-a-granules-a-air-pulse-evacalor-aria-50-kw","status":"publish","type":"product","link":"https:\/\/troncybois.com\/?product=chaudiere-a-granules-a-air-pulse-evacalor-aria-50-kw","title":{"rendered":"Chaudi\u00e8re \u00e0 granul\u00e9s \u00e0 air puls\u00e9 &#8211; EVACALOR Aria 50 kW"},"content":{"rendered":"<div class=\"fiche-produit\">\n<p><strong>La chaudi\u00e8re \u00e0 air puls\u00e9 Aria 50<\/strong> de la marque <strong>EVACALOR<\/strong> est un g\u00e9n\u00e9rateur de chaleur s&rsquo;adaptant aux grandes pi\u00e8ces comme les serres, les salles de gym mais aussi les \u00e9tablissement de production \u00e9quip\u00e9s de solution de canalisation sur plusieurs locaux. Le mod\u00e8le Aria 50, est \u00e9quip\u00e9 de deux sorties sup\u00e9rieures pour l&rsquo;air chaud de 20 cm de diam\u00e8tre et sa chambre de combustion est amovible afin de facilit\u00e9 l&rsquo;entretien.<\/p>\n<h2>Informations cl\u00e9s sur la Chaudi\u00e8re \u00e0 granul\u00e9s \u00e0 air puls\u00e9 &#8211; EVACALOR Aria 50 kW<\/h2>\n<ul>\n<li>Double porte<\/li>\n<li>Ventilation forc\u00e9e<\/li>\n<li>Chambre de combustion en acier<\/li>\n<li>Afficheur avec menu dans 6 langues<\/li>\n<li>5 puissances de fonctionnement<\/li>\n<li>Thermostat de s\u00e9curit\u00e9<\/li>\n<li>Pressostat de s\u00e9curit\u00e9<\/li>\n<li>Chrono thermostat<\/li>\n<li>Pr\u00e9disposition pour thermostat ext\u00e9rieur<\/li>\n<li>Sortie d\u2019air chaud frontal \u00e0 travers les grilles<\/li>\n<li>Sortie d&rsquo;air chaud sup\u00e9rieur : 2 sorties de diam\u00e8tre 20 cm<\/li>\n<li>Possibilit\u00e9 de raccorder les syst\u00e8mes de canalisation pour les grandes pi\u00e8ces<\/li>\n<li>Tiroir des cendres amovible<\/li>\n<li>Brasier auto-nettoyant<\/li>\n<li>Poign\u00e9e amovible<\/li>\n<li>Entretien minimis\u00e9<\/li>\n<li>Syst\u00e8me d\u2019acheminement du pellet qui n\u2019a pas br\u00fbl\u00e9<\/li>\n<li>\u00c9vacuation des fum\u00e9es : Sup\u00e9rieur<\/li>\n<li>T\u00e9l\u00e9commande\u00a0: OPTION<\/li>\n<li>Module Wifi\u00a0: OPTION<\/li>\n<li>Thermostat connect\u00e9\u00a0: OPTION<\/li>\n<\/ul>\n<h2>Caract\u00e9ristiques techniques de la Chaudi\u00e8re \u00e0 granul\u00e9s \u00e0 air puls\u00e9 &#8211; EVACALOR Aria 50 kW<\/h2>\n<ul>\n<li>Puissance nominale : Pmax 44.1 kW \/ Pmin 20.1 kW<\/li>\n<li>Puissance brul\u00e9e : max 52 kW \/ min 22.5 kW<\/li>\n<li>Rendement : Pmax 87.1 % \/ Pmin 91.2 %<\/li>\n<li>Consommation de pellets : max 10.7 kg\/h \/ min 4.7 kg\/h<\/li>\n<li>Capacit\u00e9 du r\u00e9servoir : 120 kg<\/li>\n<li>Volume de chauffe : 1170 m3<\/li>\n<li>Poids : 613 kg<\/li>\n<li>Dimensions : L 1470 x P 800 x H 1591 mm \u00e0 1820 mm (au point le plus haut)<\/li>\n<li>Distance minimale des surfaces inflammables : c\u00f4t\u00e9 50cm \/ arri\u00e8re 50cm \/ avant 100cm<\/li>\n<li>Puissance nominale \u00e9lectrique : 500W<\/li>\n<li>Tension \/ Fr\u00e9quence : 230V \/ 50Hz<\/li>\n<li>CO \u00e9missions \u00e0 13% O2 : Pmax 0.009 % \/ Pmin 0.007 %<\/li>\n<\/ul>\n<h3>Sch\u00e9ma explicatif de la Chaudi\u00e8re \u00e0 granul\u00e9s \u00e0 air puls\u00e9 &#8211; EVACALOR Aria 50 kW<\/h3>\n<p><img fetchpriority=\"high\" decoding=\"async\" src=\"https:\/\/www.poelediscount.com\/img\/cms\/aria%2050.png\" alt=\"\" width=\"789\" height=\"444\" \/><\/p>\n<h3>Les diff\u00e9rents syst\u00e8mes d<strong>e la Chaudi\u00e8re \u00e0 air puls\u00e9 &#8211; EVACALOR Aria 50 kW :<br \/>\n<\/strong><\/h3>\n<p><strong>ECODESIGN 2022<\/strong><br \/>\nCe produit r\u00e9pond aux crit\u00e8res du label Ecodesign 2022 qui \u00e9tablit les normes d&rsquo;un projet \u00e9co-compatible, ses m\u00e9thodes de calculs et d&rsquo;\u00e9valuation sont \u00e9tablis dans le but de r\u00e9duire les \u00e9missions dans l&rsquo;atmosph\u00e8re.<strong><br \/>\n<\/strong><\/p>\n<p><strong>CLASSIFICATION ENVIRONNEMENTALE<\/strong><br \/>\nLe produit est conforme aux normes environnementales les plus strictes et classifi\u00e9 4 \u00e9toiles.<\/p>\n<p><strong>A propos du fournisseur : <\/strong>Eva calor est une entreprise italienne sp\u00e9cialis\u00e9e dans la confection d&rsquo;appareils de chauffage. Elle propose une large gamme de po\u00eales \u00e0 granul\u00e9s, insert, cuisini\u00e8re, <strong>chaudi\u00e8re \u00e0 granul\u00e9s \u00e0 air puls\u00e9<\/strong> de qualit\u00e9. \u00c9cologiquement responsable la marque fait subir tout un tas de test et de contr\u00f4les \u00e0 ses produits afin de garantir la fiabilit\u00e9 et la s\u00e9curit\u00e9.<\/p>\n<\/div>\n<p>&nbsp;<\/p>\n<div>\n<p><strong><u>Garantie<\/u>\u00a0:\u00a0<\/strong>Nous vous rappelons que pour la garantie, l&rsquo;installation doit \u00eatre conforme au mode d&#8217;emploi (pr\u00e9conisation du fabricant) et doit respecter les normes en vigueur du pays, pour la France DTU 24.1 ou 24.2.<br \/>\nDe plus, comme pour tous les po\u00eales \u00e0 granul\u00e9s, les appareils sont \u00e0 r\u00e9gler en fonction du tirage naturel de l&rsquo;installation choisie.<\/p>\n<\/div>\n<div class=\"row\" style=\"padding-top: 20px;\">\n<div class=\"col-xs-12 col-sm-12 col-md-12 col-lg-4\" style=\"text-align: center; padding: 15px 2px 25px 2px;\">Questions fr\u00e9quentes<\/div>\n<div class=\"col-xs-12 col-sm-12 col-md-12 col-lg-4\" style=\"text-align: center; padding: 15px 2px 25px 2px;\">Quelle puissance choisir ?<\/div>\n<div class=\"col-xs-12 col-sm-12 col-md-12 col-lg-4\" style=\"text-align: center; padding: 15px 2px 25px 2px;\">Livraison<\/div>\n<\/div>\n","protected":false},"excerpt":{"rendered":"<p id=\"product_reference\"><label>R\u00e9f\u00e9rence <\/label><br \/>\n<span class=\"editable\">09876546789<\/span><\/p>\n<p id=\"product_condition\"><label>\u00c9tat : <\/label><br \/>\n<span class=\"editable\">Neuf<\/span><\/p>\n<div id=\"short_description_block\">\n<div id=\"short_description_content\" class=\"rte align_justify\">\n<ul>\n<li>Marque EVACALOR<\/li>\n<li>Garantie : 2 ans pi\u00e8ces<\/li>\n<li>Non \u00e9tanche : Zone 1<\/li>\n<li>EcoDesign 2022<\/li>\n<\/ul>\n<p><strong><span style=\"color: #218e53;\">D\u00e9lai de livraison : 5 \u00e0 12 jours ouvr\u00e9s<\/span> <\/strong><\/p>\n<p><span style=\"text-decoration: underline;\"><strong>LIVRAISON GRATUITE<\/strong><\/span> (Partout en Europe)<\/p>\n<\/div>\n<\/div>\n","protected":false},"featured_media":10153,"comment_status":"open","ping_status":"closed","template":"","meta":[],"product_brand":[],"product_cat":[98,103],"product_tag":[],"class_list":{"0":"post-10012","1":"product","2":"type-product","3":"status-publish","4":"has-post-thumbnail","6":"product_cat-chaudieres","7":"product_cat-chaudieres-a-granules-a-air-pulse","9":"first","10":"instock","11":"sale","12":"purchasable","13":"product-type-simple"},"jetpack_sharing_enabled":true,"_links":{"self":[{"href":"https:\/\/troncybois.com\/index.php?rest_route=\/wp\/v2\/product\/10012","targetHints":{"allow":["GET"]}}],"collection":[{"href":"https:\/\/troncybois.com\/index.php?rest_route=\/wp\/v2\/product"}],"about":[{"href":"https:\/\/troncybois.com\/index.php?rest_route=\/wp\/v2\/types\/product"}],"replies":[{"embeddable":true,"href":"https:\/\/troncybois.com\/index.php?rest_route=%2Fwp%2Fv2%2Fcomments&post=10012"}],"version-history":[{"count":1,"href":"https:\/\/troncybois.com\/index.php?rest_route=\/wp\/v2\/product\/10012\/revisions"}],"predecessor-version":[{"id":10159,"href":"https:\/\/troncybois.com\/index.php?rest_route=\/wp\/v2\/product\/10012\/revisions\/10159"}],"wp:featuredmedia":[{"embeddable":true,"href":"https:\/\/troncybois.com\/index.php?rest_route=\/wp\/v2\/media\/10153"}],"wp:attachment":[{"href":"https:\/\/troncybois.com\/index.php?rest_route=%2Fwp%2Fv2%2Fmedia&parent=10012"}],"wp:term":[{"taxonomy":"product_brand","embeddable":true,"href":"https:\/\/troncybois.com\/index.php?rest_route=%2Fwp%2Fv2%2Fproduct_brand&post=10012"},{"taxonomy":"product_cat","embeddable":true,"href":"https:\/\/troncybois.com\/index.php?rest_route=%2Fwp%2Fv2%2Fproduct_cat&post=10012"},{"taxonomy":"product_tag","embeddable":true,"href":"https:\/\/troncybois.com\/index.php?rest_route=%2Fwp%2Fv2%2Fproduct_tag&post=10012"}],"curies":[{"name":"wp","href":"https:\/\/api.w.org\/{rel}","templated":true}]}}