{"id":10009,"date":"2023-05-30T13:23:50","date_gmt":"2023-05-30T11:23:50","guid":{"rendered":"https:\/\/antiquewhite-gerbil-448984.hostingersite.com\/?post_type=product&#038;p=10009"},"modified":"2024-05-30T22:15:06","modified_gmt":"2024-05-30T20:15:06","slug":"poele-a-granules-hydraulique-ventile-evacalor-frida-13-kw","status":"publish","type":"product","link":"https:\/\/troncybois.com\/?product=poele-a-granules-hydraulique-ventile-evacalor-frida-13-kw","title":{"rendered":"Po\u00eale \u00e0 granules hydraulique ventil\u00e9 &#8211; EVACALOR Frida 13 kw"},"content":{"rendered":"<div class=\"fiche-produit\">\n<h4 class=\"titolo_h4 brevetesto_scheda_prodotto\">Sobri\u00e9t\u00e9 et efficacit\u00e9<\/h4>\n<p>Le mod\u00e8le Frida est un po\u00eale 13kW qui, gr\u00e2ce \u00e0 sa ligne sobre et ses dimensions r\u00e9duites, d\u00e9vient un \u00e9l\u00e9ment de d\u00e9coration discret. Gr\u00e2ce \u00e0 un petit ventilateur \u00e0 bord, il permet de chauffer tr\u00e8s rapidement la pi\u00e8ce o\u00f9 il est install\u00e9.<\/p>\n<p><!--StartFragment-->Ventilation forc\u00e9e<br \/>\nR\u00e9serve de pellet de 20 kg<br \/>\n5 puissances de fonctionnement<br \/>\nAfficheur avec menu dans 6 langues<br \/>\nTiroir \u00e0 cendres amovible pour r\u00e9cup\u00e9ration de cendres<br \/>\nPoign\u00e9e amovible<br \/>\nT\u00e9l\u00e9commande fournie<br \/>\nThermostat de s\u00e9curit\u00e9<br \/>\nPr\u00e9disposition pour thermostat ext\u00e9rieur<br \/>\nPressostat de s\u00e9curit\u00e9<br \/>\nSoupape de s\u00e9curit\u00e9 3 Bars<br \/>\nChrono thermostat<br \/>\nPompe de circulation<br \/>\nVase d\u2019expansion<br \/>\nVanne de s\u00e9curit\u00e9<!--EndFragment--><\/p>\n<p style=\"text-align: center;\"><strong>Puissance brul\u00e9e : max 12,6 kW \u2013 min 3,4 kW<\/strong><br \/>\n<strong>Puissance nominale : max 11,4 kW \u2013 min 3,2 kW<\/strong><br \/>\n<strong>Puissance \u00e0 l\u2019eau : max 9,7 kW \u2013 min 2,3 kW<\/strong><br \/>\n<strong>Rendement : Pmax 91% \u2013 Pmin 92,9%<\/strong><br \/>\n<strong>CO \u00e9missions \u00e0 13% O2 : Pmax 0,011% \u2013 Pmin 0,016%<\/strong><br \/>\n<strong>Consommation de pellets : max 2,6 kg\/h \u2013 min 0,7 kg\/h<\/strong><br \/>\n<strong>Capacit\u00e9 du r\u00e9servoir : 20 kg<\/strong><br \/>\n<strong>Volume de chauffe : 180 \u2013 330 m3<\/strong><br \/>\n<strong>Distance minimale des surfaces inflammables : c\u00f4t\u00e9 : 20 cm &#8211; arri\u00e8re : 20 cm &#8211; avant : 100 cm<\/strong><br \/>\n<strong>Tension \/ Fr\u00e9quence : 230 V \/ 50 Hz<\/strong><br \/>\n<strong>Puissance nominale \u00e9lectrique : 450 W<\/strong><br \/>\n<strong>Dimensions : L 48,4 x P 54,9 x H 92,3 cm<\/strong><br \/>\n<strong>Poids : 117,8 kg<\/strong><br \/>\n<strong>Chambre de combustion en acier<\/strong><br \/>\n<strong>Conforme aux normes : EN14785 &#8211; BImSchV II &#8211; 15a B-VG &#8211; LRV\/VKF &#8211; BAFA<\/strong><br \/>\n<strong>T\u00e9l\u00e9commande : Incluse<\/strong><br \/>\n<strong>Module WIFI pour la t\u00e9l\u00e9commande : En option<\/strong><br \/>\n<strong>Tiroir amovible pour la r\u00e9cup\u00e9ration des cendres<\/strong><br \/>\n<strong>\u00c9vacuation des fum\u00e9es : Arri\u00e8re<\/strong><\/p>\n<p style=\"text-align: center;\"><strong><img decoding=\"async\" class=\"imageFloatLeft\" src=\"https:\/\/cdn1.poelediscount.com\/1430-thickbox_default\/poele-a-granules-hydraulique-ventile-evacalor-frida-13-kw.jpg\" alt=\"\" \/><\/strong><\/p>\n<\/div>\n<p>&nbsp;<\/p>\n<div>\n<p><strong><u>Garantie<\/u>\u00a0:\u00a0<\/strong>Nous vous rappelons que pour la garantie, l&rsquo;installation doit \u00eatre conforme au mode d&#8217;emploi (pr\u00e9conisation du fabricant) et doit respecter les normes en vigueur du pays, pour la France DTU 24.1 ou 24.2.<br \/>\nDe plus, comme pour tous les po\u00eales \u00e0 granul\u00e9s, les appareils sont \u00e0 r\u00e9gler en fonction du tirage naturel de l&rsquo;installation choisie.<\/p>\n<\/div>\n<div class=\"row\" style=\"padding-top: 20px;\">\n<div class=\"col-xs-12 col-sm-12 col-md-12 col-lg-4\" style=\"text-align: center; padding: 15px 2px 25px 2px;\">Questions fr\u00e9quentes<\/div>\n<div class=\"col-xs-12 col-sm-12 col-md-12 col-lg-4\" style=\"text-align: center; padding: 15px 2px 25px 2px;\">Quelle puissance choisir ?<\/div>\n<div class=\"col-xs-12 col-sm-12 col-md-12 col-lg-4\" style=\"text-align: center; padding: 15px 2px 25px 2px;\">Livraison<\/div>\n<\/div>\n","protected":false},"excerpt":{"rendered":"<div><\/div>\n<p id=\"product_reference\"><label>R\u00e9f\u00e9rence<\/label><\/p>\n<p><span class=\"editable\">0987657869<\/span><\/p>\n<p id=\"product_condition\"><label>\u00c9tat : <\/label><br \/>\n<span class=\"editable\">Neuf<\/span><\/p>\n<p id=\"product_ean13\"><label>Ean13: <\/label><br \/>\n8029728004642<\/p>\n<div id=\"short_description_block\">\n<div id=\"short_description_content\" class=\"rte align_justify\">\n<p>Po\u00eale \u00e0 granules hydraulique ventil\u00e9 <strong>EVACALOR Frida 13 kw<\/strong><\/p>\n<p><!--StartFragment--><\/p>\n<p><strong><strong>Garantie : 2 ans pi\u00e8ces<\/strong><\/strong><\/p>\n<p><strong><span style=\"color: #218e53;\">D\u00e9lai de livraison : 5 \u00e0 12 jours ouvr\u00e9s<\/span> <\/strong><\/p>\n<p><span style=\"text-decoration: underline;\"><strong>LIVRAISON GRATUITE<\/strong><\/span> (Partout en Europe)<\/p>\n<\/div>\n<\/div>\n<p>, <label class=\"attribute_label\" for=\"group_2\">Couleur\u00a0<\/label><\/p>\n<div class=\"attribute_list\">\n<div id=\"uniform-group_2\" class=\"selector\" style=\"width: 191.667px;\"><select id=\"group_2\" class=\"form-control attribute_select no-print\" name=\"group_2\"><option title=\"Noir\" value=\"14\">Noir<\/option><option title=\"Rouge\" value=\"20\">Rouge<\/option><option title=\"Champagne\" selected=\"selected\" value=\"74\">Champagne<\/option><\/select><\/div>\n<\/div>\n<p><!-- end attribute_list --><\/p>\n","protected":false},"featured_media":10128,"comment_status":"open","ping_status":"closed","template":"","meta":[],"product_brand":[],"product_cat":[98,102],"product_tag":[],"class_list":{"0":"post-10009","1":"product","2":"type-product","3":"status-publish","4":"has-post-thumbnail","6":"product_cat-chaudieres","7":"product_cat-poeles-a-granules-chauffage-central","9":"first","10":"instock","11":"sale","12":"purchasable","13":"product-type-simple"},"jetpack_sharing_enabled":true,"_links":{"self":[{"href":"https:\/\/troncybois.com\/index.php?rest_route=\/wp\/v2\/product\/10009","targetHints":{"allow":["GET"]}}],"collection":[{"href":"https:\/\/troncybois.com\/index.php?rest_route=\/wp\/v2\/product"}],"about":[{"href":"https:\/\/troncybois.com\/index.php?rest_route=\/wp\/v2\/types\/product"}],"replies":[{"embeddable":true,"href":"https:\/\/troncybois.com\/index.php?rest_route=%2Fwp%2Fv2%2Fcomments&post=10009"}],"version-history":[{"count":1,"href":"https:\/\/troncybois.com\/index.php?rest_route=\/wp\/v2\/product\/10009\/revisions"}],"predecessor-version":[{"id":10137,"href":"https:\/\/troncybois.com\/index.php?rest_route=\/wp\/v2\/product\/10009\/revisions\/10137"}],"wp:featuredmedia":[{"embeddable":true,"href":"https:\/\/troncybois.com\/index.php?rest_route=\/wp\/v2\/media\/10128"}],"wp:attachment":[{"href":"https:\/\/troncybois.com\/index.php?rest_route=%2Fwp%2Fv2%2Fmedia&parent=10009"}],"wp:term":[{"taxonomy":"product_brand","embeddable":true,"href":"https:\/\/troncybois.com\/index.php?rest_route=%2Fwp%2Fv2%2Fproduct_brand&post=10009"},{"taxonomy":"product_cat","embeddable":true,"href":"https:\/\/troncybois.com\/index.php?rest_route=%2Fwp%2Fv2%2Fproduct_cat&post=10009"},{"taxonomy":"product_tag","embeddable":true,"href":"https:\/\/troncybois.com\/index.php?rest_route=%2Fwp%2Fv2%2Fproduct_tag&post=10009"}],"curies":[{"name":"wp","href":"https:\/\/api.w.org\/{rel}","templated":true}]}}