{"id":8486,"date":"2022-10-24T13:10:35","date_gmt":"2022-10-24T11:10:35","guid":{"rendered":"https:\/\/antiquewhite-gerbil-448984.hostingersite.com\/?page_id=8486"},"modified":"2026-01-05T17:27:33","modified_gmt":"2026-01-05T16:27:33","slug":"mentions-legales","status":"publish","type":"page","link":"https:\/\/troncybois.com\/?page_id=8486","title":{"rendered":"MENTIONS L\u00c9GALES"},"content":{"rendered":"\t\t<div data-elementor-type=\"wp-page\" data-elementor-id=\"8486\" class=\"elementor elementor-8486\">\n\t\t\t\t\t\t<section class=\"elementor-section elementor-top-section elementor-element elementor-element-7f4af7e elementor-section-boxed elementor-section-height-default elementor-section-height-default wd-section-disabled\" data-id=\"7f4af7e\" data-element_type=\"section\">\n\t\t\t\t\t\t<div class=\"elementor-container elementor-column-gap-default\">\n\t\t\t\t\t<div class=\"elementor-column elementor-col-100 elementor-top-column elementor-element elementor-element-479d77e\" data-id=\"479d77e\" data-element_type=\"column\">\n\t\t\t<div class=\"elementor-widget-wrap elementor-element-populated\">\n\t\t\t\t\t\t<section class=\"elementor-section elementor-inner-section elementor-element elementor-element-d0f3e33 elementor-section-boxed elementor-section-height-default elementor-section-height-default wd-section-disabled\" data-id=\"d0f3e33\" data-element_type=\"section\">\n\t\t\t\t\t\t<div class=\"elementor-container elementor-column-gap-default\">\n\t\t\t\t\t<div class=\"elementor-column elementor-col-100 elementor-inner-column elementor-element elementor-element-06954ad\" data-id=\"06954ad\" data-element_type=\"column\">\n\t\t\t<div class=\"elementor-widget-wrap elementor-element-populated\">\n\t\t\t\t\t\t<div class=\"elementor-element elementor-element-df21324 color-scheme-inherit text-left elementor-widget elementor-widget-text-editor\" data-id=\"df21324\" data-element_type=\"widget\" data-widget_type=\"text-editor.default\">\n\t\t\t\t<div class=\"elementor-widget-container\">\n\t\t\t\t\t\t\t\t\t<p><span style=\"color: #f83837;\"><strong>MENTIONS L\u00c9GALES\u00a0<\/strong><\/span><\/p><div><p>En vertu de l&rsquo;article 6 de la loi n\u00b0 2004-575 du 21 juin 2004 pour la confiance dans l&rsquo;\u00e9conomie num\u00e9rique, il est pr\u00e9cis\u00e9 aux utilisateurs du site https:\/\/troncybois.com l&rsquo;identit\u00e9 des diff\u00e9rents intervenants dans le cadre de sa r\u00e9alisation et de son suivi :<\/p><p>Dirigeants mandataires de Troncy Bois : <strong>Adresse :<\/strong>\u00a06 RUE DES MAISONS NEUVES 18380 LA CHAPELLE D\u2019ANGILLON<br \/>Activit\u00e9 (Code NAF ou APE) : Commerces de d\u00e9tail de charbons et combustibles (4778B)<\/p><strong>Num\u00e9ro SIREN<\/strong>: 899485718<br \/><strong>SIRET<\/strong>: 80110625300025<br \/><strong>Num\u00e9ro TVA<\/strong>\u00a0: FR04899485718<br \/><strong>SIRET :<\/strong>\u00a089948571800014<\/div><div><br \/><p><strong><span style=\"color: #ff4342;\">CONDITIONS DE SERVICE<\/span><\/strong><\/p><p>Pour un meilleur confort d\u2019utilisation et une navigation plus agr\u00e9able, nous vous recommandons de recourir \u00e0 des navigateurs modernes comme Chrome, Firefox ou Safari\u2026<\/p><p><span style=\"color: #ff4342;\"><strong>CONDITONS GENERALES<\/strong><\/span><\/p><p>Le Site Internet et ses conditions d\u2019acc\u00e8s et d\u2019utilisation sont r\u00e9gis par le droit Fran\u00e7ais.<br \/>L\u2019internaute reconna\u00eet avoir pris connaissance des mentions l\u00e9gales et s\u2019engage \u00e0 les respecter.<\/p><p>La conception des illustrations et la r\u00e9alisation des photographies sont la propri\u00e9t\u00e9 de l\u2019\u00e9diteur du site.<\/p><p>Toute repr\u00e9sentation totale ou partielle de ce site par quelque proc\u00e9d\u00e9 que ce soit, sans l\u2019autorisation expresse de l\u2019exploitant du site Internet est interdite et constituerait une contrefa\u00e7on sanctionn\u00e9e par les articles L 335-2 et suivants du Code de la propri\u00e9t\u00e9 intellectuelle.<\/p><p>Les marques de l\u2019exploitant du site Internet et de ses partenaires, ainsi que les logos figurant sur le site sont des \u00e9l\u00e9ments prot\u00e9g\u00e9s par les dispositions du droit de la propri\u00e9t\u00e9 intellectuelle et ne peuvent faire l\u2019objet, sans consentement du Directeur de la publication, d\u2019aucune reproduction ni repr\u00e9sentation partielle ou totale.<\/p><p><span style=\"color: #ff4342;\"><strong>LIMITATION DE RESPONSABILITE<\/strong><\/span><\/p><p>Les informations contenues sur ce site sont aussi pr\u00e9cises que possibles et le site est p\u00e9riodiquement remis \u00e0 jour, mais peut toutefois contenir des inexactitudes, des omissions ou des lacunes. Si vous constatez une lacune, erreur ou ce qui parait \u00eatre un dysfonctionnement, merci de bien vouloir le signaler par email en d\u00e9crivant le probl\u00e8me de la mani\u00e8re la plus pr\u00e9cise possible (page posant probl\u00e8me, action d\u00e9clenchante, type d\u2019ordinateur et de navigateur utilis\u00e9, \u2026).<\/p><p>Tout contenu t\u00e9l\u00e9charg\u00e9 se fait aux risques et p\u00e9rils de l\u2019utilisateur et sous sa seule responsabilit\u00e9. En cons\u00e9quence, Prodilog Informatique ne saurait \u00eatre tenu responsable d\u2019un quelconque dommage subi par l\u2019ordinateur de l\u2019utilisateur ou d\u2019une quelconque perte de donn\u00e9es cons\u00e9cutives au t\u00e9l\u00e9chargement.<\/p><p><strong><span style=\"color: #ff4342;\">Les photos sont non contractuelles.<\/span><\/strong><\/p><p>Les liens hypertextes mis en place dans le cadre du pr\u00e9sent site internet en direction d\u2019autres ressources pr\u00e9sentes sur le r\u00e9seau Internet ne sauraient engager la responsabilit\u00e9 du concepteur du site.<\/p><p><span style=\"color: #ff4342;\"><strong>DONNEES PERSONNNELLES<\/strong><\/span><\/p><p>Vous disposez d\u2019un droit d\u2019acc\u00e8s, de modification, de rectification et de suppression des donn\u00e9es qui vous concernent. Vous pouvez, \u00e0 tout moment, demander \u00e0 exercer ce droit en nous contactant \u00e0 l\u2019adresse mail du directeur de publication.<br \/>Vos donn\u00e9es personnelles sont confidentielles et ne seront en aucun cas communiqu\u00e9es \u00e0 des tiers hormis pour la bonne ex\u00e9cution de la prestation.<\/p><p><span style=\"color: #ff4342;\"><strong>UTILISATION DES COOKIES<\/strong><\/span><\/p><p>Un cookie est un fichier texte stock\u00e9 par votre navigateur lors de votre visite sur notre site internet. Celui-ci ne permet pas d\u2019obtenir des Informations personnelles, il permet au site Internet de garder en m\u00e9moire certaines informations relatives \u00e0 votre parcours. Les donn\u00e9es collect\u00e9es par le biais de cookies sont destin\u00e9es exclusivement \u00e0 l\u2019\u00e9diteur du site (utilisation statistiques, marketing et commerciale) et sont utilis\u00e9s pour mesurer l\u2019audience de notre site internet. L\u2019utilisation des cookies nous permet \u00e9galement d\u2019enregistrer les pr\u00e9f\u00e9rences d\u2019affichage de votre session, afin de vous proposer une exp\u00e9rience personnalis\u00e9e. Vous pouvez configurer votre logiciel de navigation de mani\u00e8re \u00e0 ce que des cookies soient enregistr\u00e9s dans votre terminal ou, au contraire, qu\u2019ils soient rejet\u00e9s, syst\u00e9matiquement ou selon le site Internet \u00e9metteur. L\u2019enregistrement d\u2019un cookie est li\u00e9 \u00e0 la volont\u00e9 de l\u2019utilisateur du terminal : vous pouvez donc modifier vos choix \u00e0 tout moment dans votre logiciel de navigation.<\/p><p>Si vous avez accept\u00e9 dans votre logiciel de navigation l\u2019enregistrement de cookies dans votre terminal, les cookies int\u00e9gr\u00e9s dans les pages et contenus que vous avez consult\u00e9s pourront \u00eatre stock\u00e9s temporairement. Si vous refusez l\u2019enregistrement de cookies, ou si vous supprimez ceux qui y sont enregistr\u00e9s, nous ne pourrons pas reconna\u00eetre le type de navigateur utilis\u00e9 par votre terminal, ses param\u00e8tres de langue et d\u2019affichage ou le pays depuis lequel votre terminal est connect\u00e9 \u00e0 Internet. Nous d\u00e9clinons toute responsabilit\u00e9 pour les cons\u00e9quences li\u00e9es au fonctionnement d\u00e9grad\u00e9 de nos services r\u00e9sultant de l\u2019impossibilit\u00e9 pour nous d\u2019enregistrer ou de consulter les cookies n\u00e9cessaires \u00e0 leur fonctionnement optimal et que vous auriez refus\u00e9s ou supprim\u00e9s. Les cookies ont une dur\u00e9e de validit\u00e9 de 12 mois. Votre consentement sera de nouveau sollicit\u00e9 \u00e0 l\u2019issue de ce d\u00e9lai par l\u2019affichage du bandeau d\u2019information.<\/p><\/div>\t\t\t\t\t\t\t\t<\/div>\n\t\t\t\t<\/div>\n\t\t\t\t<div class=\"elementor-element elementor-element-7079169 elementor-widget elementor-widget-wd_extra_menu_list\" data-id=\"7079169\" data-element_type=\"widget\" data-widget_type=\"wd_extra_menu_list.default\">\n\t\t\t\t<div class=\"elementor-widget-container\">\n\t\t\t\t\t\t\t\t<link rel=\"stylesheet\" id=\"wd-mod-nav-menu-label-css\" href=\"https:\/\/troncybois.com\/wp-content\/themes\/woodmart\/css\/parts\/mod-nav-menu-label.min.css?ver=7.2.4\" type=\"text\/css\" media=\"all\" \/> \t\t\t\t\t\t<ul class=\"wd-sub-menu  mega-menu-list\">\n\t\t\t\t<li class=\"item-with-label item-label-primary\">\n\t\t\t\t\t\t\t\t\t\t\t<a  href=\"#\">\n\t\t\t\t\t\t\t\t\t\t\t\t\t\t\t\t\t\t\t\t\t\t\n\t\t\t\t\t\t\t\t\t\t\t\t\t\t\t \t\t\t\t\t\t\t\n\t\t\t\t\t\t\t\t\t\t\t\t\t<\/a>\n\t\t\t\t\t\n\t\t\t\t\t<ul class=\"sub-sub-menu\">\n\t\t\t\t\t\t\t\t\t\t\t\t\t\n\t\t\t\t\t\t\t<li class=\"item-with-label item-label-primary\">\n\t\t\t\t\t\t\t\t<a  href=\"#\">\n\t\t\t\t\t\t\t\t\t\t\t\t\t\t\t\t\t\t\t\t\t\t\t\t\t\t\t\t\n\t\t\t\t\t\t\t\t\t\t\t\t\t\t\t\t\t\t\t\t\t\t\t\t\t\t\t\t\n\t\t\t\t\t\t\t\t\t\t\t\t\t\t\t\t\t<\/a>\n\t\t\t\t\t\t\t<\/li>\n\t\t\t\t\t\t\t\t\t\t\t<\/ul>\n\t\t\t\t<\/li>\n\t\t\t<\/ul>\n\t\t\t\t\t\t<\/div>\n\t\t\t\t<\/div>\n\t\t\t\t\t<\/div>\n\t\t<\/div>\n\t\t\t\t\t<\/div>\n\t\t<\/section>\n\t\t\t\t\t<\/div>\n\t\t<\/div>\n\t\t\t\t\t<\/div>\n\t\t<\/section>\n\t\t\t\t<section class=\"elementor-section elementor-top-section elementor-element elementor-element-e1834f4 elementor-section-boxed elementor-section-height-default elementor-section-height-default wd-section-disabled\" data-id=\"e1834f4\" data-element_type=\"section\">\n\t\t\t\t\t\t<div class=\"elementor-container elementor-column-gap-default\">\n\t\t\t\t\t<div class=\"elementor-column elementor-col-100 elementor-top-column elementor-element elementor-element-273dcf2\" data-id=\"273dcf2\" data-element_type=\"column\">\n\t\t\t<div class=\"elementor-widget-wrap elementor-element-populated\">\n\t\t\t\t\t\t<div class=\"elementor-element elementor-element-49ff92d elementor-widget elementor-widget-wd_text_block\" data-id=\"49ff92d\" data-element_type=\"widget\" data-widget_type=\"wd_text_block.default\">\n\t\t\t\t<div class=\"elementor-widget-container\">\n\t\t\t\t\t\t\t\t<link rel=\"stylesheet\" id=\"wd-text-block-css\" href=\"https:\/\/troncybois.com\/wp-content\/themes\/woodmart\/css\/parts\/el-text-block.min.css?ver=7.2.4\" type=\"text\/css\" media=\"all\" \/> \t\t\t\t\t<div class=\"wd-text-block reset-last-child text-left\">\n\t\t\t\n\t\t\t\n\t\t\t\t\t<\/div>\n\t\t\t\t\t\t<\/div>\n\t\t\t\t<\/div>\n\t\t\t\t\t<\/div>\n\t\t<\/div>\n\t\t\t\t\t<\/div>\n\t\t<\/section>\n\t\t\t\t<section class=\"elementor-section elementor-top-section elementor-element elementor-element-9e9ea81 elementor-section-boxed elementor-section-height-default elementor-section-height-default wd-section-disabled\" data-id=\"9e9ea81\" data-element_type=\"section\">\n\t\t\t\t\t\t<div class=\"elementor-container elementor-column-gap-default\">\n\t\t\t\t\t<div class=\"elementor-column elementor-col-100 elementor-top-column elementor-element elementor-element-6eeb39e\" data-id=\"6eeb39e\" data-element_type=\"column\">\n\t\t\t<div class=\"elementor-widget-wrap elementor-element-populated\">\n\t\t\t\t\t\t\t<\/div>\n\t\t<\/div>\n\t\t\t\t\t<\/div>\n\t\t<\/section>\n\t\t\t\t<section class=\"elementor-section elementor-top-section elementor-element elementor-element-10ef2dd elementor-section-boxed elementor-section-height-default elementor-section-height-default wd-section-disabled\" data-id=\"10ef2dd\" data-element_type=\"section\">\n\t\t\t\t\t\t<div class=\"elementor-container elementor-column-gap-default\">\n\t\t\t\t\t<div class=\"elementor-column elementor-col-100 elementor-top-column elementor-element elementor-element-591cf8a\" data-id=\"591cf8a\" data-element_type=\"column\">\n\t\t\t<div class=\"elementor-widget-wrap\">\n\t\t\t\t\t\t\t<\/div>\n\t\t<\/div>\n\t\t\t\t\t<\/div>\n\t\t<\/section>\n\t\t\t\t<\/div>\n\t\t","protected":false},"excerpt":{"rendered":"<p>MENTIONS L\u00c9GALES\u00a0 En vertu de l&rsquo;article 6 de la loi n\u00b0 2004-575 du 21 juin 2004 pour la confiance dans<\/p>\n","protected":false},"author":1,"featured_media":0,"parent":0,"menu_order":0,"comment_status":"closed","ping_status":"closed","template":"","meta":{"footnotes":""},"class_list":["post-8486","page","type-page","status-publish","hentry"],"jetpack_sharing_enabled":true,"_links":{"self":[{"href":"https:\/\/troncybois.com\/index.php?rest_route=\/wp\/v2\/pages\/8486","targetHints":{"allow":["GET"]}}],"collection":[{"href":"https:\/\/troncybois.com\/index.php?rest_route=\/wp\/v2\/pages"}],"about":[{"href":"https:\/\/troncybois.com\/index.php?rest_route=\/wp\/v2\/types\/page"}],"author":[{"embeddable":true,"href":"https:\/\/troncybois.com\/index.php?rest_route=\/wp\/v2\/users\/1"}],"replies":[{"embeddable":true,"href":"https:\/\/troncybois.com\/index.php?rest_route=%2Fwp%2Fv2%2Fcomments&post=8486"}],"version-history":[{"count":90,"href":"https:\/\/troncybois.com\/index.php?rest_route=\/wp\/v2\/pages\/8486\/revisions"}],"predecessor-version":[{"id":14436,"href":"https:\/\/troncybois.com\/index.php?rest_route=\/wp\/v2\/pages\/8486\/revisions\/14436"}],"wp:attachment":[{"href":"https:\/\/troncybois.com\/index.php?rest_route=%2Fwp%2Fv2%2Fmedia&parent=8486"}],"curies":[{"name":"wp","href":"https:\/\/api.w.org\/{rel}","templated":true}]}}